{"nodes":[{"node":{"title":"Democracy Now (US-Magazin)","body":"Aktueller Hinweis (17.10.2023) von der RDL Betriebsgruppe","series_nid":"1,036","series_start":"2017-09-21T07:00:00+02:00","series_end":"2017-09-21T08:00:00+02:00","nid":"17238","type":"Sendereihe"}},{"node":{"title":"Morgenradio","body":"Das Morgenradio informiert und unterh\u00e4lt. Jeden Morgen Montag bis Freitag von 8-10. Um 9 Uhr gibt es Veranstaltungshinweise. Um 9 Uhr 30 die ersten Europa News des Tages","series_nid":"2,667","series_start":"2017-09-21T08:00:00+02:00","series_end":"2017-09-21T10:00:00+02:00","nid":"1","type":"Sendereihe"}},{"node":{"title":"Historisches Tagesinfo","body":"Das Tagesinfo war bei Radio Dreyeckland \u00fcber Jahrzehnte bis in die sp\u00e4ten 90er Jahre regelm\u00e4\u00dfig um 18 Uhr zu h\u00f6ren.","series_nid":"603","series_start":"2017-09-21T10:00:00+02:00","series_end":"2017-09-21T11:00:00+02:00","nid":"21096","type":"Sendereihe"}},{"node":{"title":"punkt12","body":"Mittagsmagazin mit Veranstaltungshinweisen f\u00fcr das Dreyeckland. Sendezeit: Montag bis Freitag von 12 bis 13 Uhr Fokussiert auf unser Sendegebiet h\u00f6rt ihr mittags zwischen 12:00 und 13:00 Uhr aktuelle Interviews und Portraits, Beitr\u00e4ge, Nachrichten und Rezensionen sowie Veranstaltungs- und Programmhinweise aus und f\u00fcr die subkulturellen Szenen des Dreyecklandes.","series_nid":"972","series_start":"2017-09-21T12:00:00+02:00","series_end":"2017-09-21T13:00:00+02:00","nid":"588","type":"Sendereihe"}},{"node":{"title":"Ambossquietschen (Wdh.)","body":"","series_nid":"41","series_start":"2017-09-21T13:00:00+02:00","series_end":"2017-09-21T14:00:00+02:00","nid":"17232","type":"Sendereihen-Wiederholung"}},{"node":{"title":"Democracy Now (US-Magazin)","body":"","series_nid":"205","series_start":"2017-09-21T14:00:00+02:00","series_end":"2017-09-21T15:00:00+02:00","nid":"17239","type":"Sendereihen-Wiederholung"}},{"node":{"title":"Raices Nomades (spanisch) (Wdh.)","body":"","series_nid":"206","series_start":"2017-09-21T15:00:00+02:00","series_end":"2017-09-21T16:00:00+02:00","nid":"17207","type":"Sendereihen-Wiederholung"}},{"node":{"title":"Auftakte","body":"Ein bunt gew\u00fcrfeltes Magazin. Die Schnuppersendung bei Radio Dreyeckland f\u00fcr Neu-Einsteiger und Neu-Einsteigerinnen.\u00a0 Einf\u00fchrungsworkshop machen und los gehts.","series_nid":"41","series_start":"2017-09-21T16:00:00+02:00","series_end":"2017-09-21T17:00:00+02:00","nid":"20401","type":"Sendereihe"}},{"node":{"title":"Musikmagazin","body":"Montag bis Freitag immer um 17 Uhr aktuelles Konzertgeschehen, Interviews und Neuheiten. Dazu genre-\u00fcbergreifend Musik.","series_nid":"1,058","series_start":"2017-09-21T17:00:00+02:00","series_end":"2017-09-21T18:00:00+02:00","nid":"766","type":"Sendereihe"}},{"node":{"title":"Fokus S\u00fcdwest","body":"Landespolitik Baden-W\u00fcrttemberg","series_nid":"150","series_start":"2017-09-21T18:00:00+02:00","series_end":"2017-09-21T18:30:00+02:00","nid":"769","type":"Sendereihe"}},{"node":{"title":"Onda-Info","body":"Sendezeit: Alle 2 Wochen am Donnerstag von 18.30 - 19 Uhr (im Wechsel mit focus international). ","series_nid":"80","series_start":"2017-09-21T18:30:00+02:00","series_end":"2017-09-21T19:00:00+02:00","nid":"772","type":"Sendereihe"}},{"node":{"title":"Ech, Oida (deutsch)","body":"Ech, Oida (auf Deutsch)\n\n\n\n\n\n\n\n\n\n\n\nSendezeit: Jeden 3, 4. und 5. Donnerstag des Monats 19-19:30 Uhr, \u00a0Wiederholung am Freitag 13 Uhr)","series_nid":"81","series_start":"2017-09-21T19:00:00+02:00","series_end":"2017-09-21T19:30:00+02:00","nid":"23347","type":"Sendereihe"}},{"node":{"title":"Schwule Welle","body":"Die Schwule Welle ist seit dem Radio Fr\u00fchling 1985 on Air\n19.30 - 21.00 Uhr: Schwule Welle\n\"Donnerstags habe ich nichts an... nur das Radio auf 102,3!\"","series_nid":"207","series_start":"2017-09-21T19:30:00+02:00","series_end":"2017-09-21T21:00:00+02:00","nid":"17177","type":"Sendereihe"}},{"node":{"title":"la vie avant tout","body":"Alle 2 Wochen am Donnerstag um 21 Uhr. 'La vie avant tout' - eine Sendung, die sich einer Musik verschrieben hat, die ber\u00fchrt, begeistert, bewegt - mal t\u00e4nzerisch, mal tr\u00e4umerisch.","series_nid":"58","series_start":"2017-09-21T21:00:00+02:00","series_end":"2017-09-21T22:00:00+02:00","nid":"26237","type":"Sendereihe"}},{"node":{"title":"musiVersity","body":"The Musical Diversity of Europe - Die musikalische und sprachliche Vielfalt Europas","series_nid":"44","series_start":"2017-09-21T22:00:00+02:00","series_end":"2017-09-21T23:00:00+02:00","nid":"28243","type":"Sendereihe"}},{"node":{"title":"Aktuelle Musik","body":"In der halben Stunde bis zum Bluesclubradio gibt es nichts als aktuelle Musik - ohne Moderation.","series_nid":"22","series_start":"2017-09-21T23:00:00+02:00","series_end":"2017-09-21T23:30:00+02:00","nid":"32939","type":"Sendereihe"}},{"node":{"title":"Bluesclubradio","body":"Jeden Donnerstag 23:30-0:30 Uhr\nModeration: ArneHomepage: www.bluesclubradio.de","series_nid":"51","series_start":"2017-09-21T23:30:00+02:00","series_end":"2017-09-22T00:30:00+02:00","nid":"32270","type":"Sendereihe"}},{"node":{"title":"\"Ich find dass die Kita lockerer war...\"","body":"Kita im Glacisweg steht noch immer an der T\u00fcre und erinnert an die Zeit der Hausbesetzungen aus der die Kita \u00fcbrig geblieben ist und aus der der selbstverwaltete Betrieb auf dem Grethergel\u00e4nde sein","series_nid":"","series_start":"","series_end":"","nid":"37236","type":"Beitrag"}},{"node":{"title":"Kehrtwende im Strafverfahren wegen der Verteilung von Heckler & Koch-Aufrufen zum Whistleblowing ","body":"Das Amtsgericht Oberndorf hat die Gerichtsverhandlung gegen den Friedensaktivisten Hermann Theisen (Hirschberg) wegen der Verteilung von Heckler & Koch-Aufrufen zum Whistleblowing aufgehoben un","series_nid":"","series_start":"","series_end":"","nid":"37232","type":"Beitrag"}},{"node":{"title":"Armutsgef\u00e4hrdungsquoten 2016 nach verschiedenen Bev\u00f6lkerungsgruppen im August vorgelegt","body":"Kein Wahlkampfthema und weitgehend unbemerkt wurden die Zahlen aus dem Mikrozensus vorgelegt. Und wurden von einem auf Asylpolitik getrimmten Wahlkampf \u00fcberdeckt.","series_nid":"","series_start":"","series_end":"","nid":"37233","type":"Beitrag"}},{"node":{"title":"Rajoy d\u00fcpiert mit seinem polizeilichen Eingreifen in Katalonien auch das spanische Parlament","body":"Als der spanische Ministerpr\u00e4sident Mariano Rajoy die milit\u00e4risch-polizeiliche Guardia Civil losschickte, um Regierungsgeb\u00e4ude in Barcelona zu durchsuchen und hohe Beamte\u00a0 festnehmen zu lassen, war","series_nid":"","series_start":"","series_end":"","nid":"37234","type":"Beitrag"}},{"node":{"title":"Freihandelsabkommen CETA tritt heute vorl\u00e4ufig in Kraft","body":"Das Freihandelsabkommen CETA zwischen der Europ\u00e4ischen Union und Kanada tritt am heutigen Donnerstag vorl\u00e4ufig in Kraft.","series_nid":"","series_start":"","series_end":"","nid":"37227","type":"Beitrag"}},{"node":{"title":"Focus Europa Nachrichten am Donnerstag, 21. September 2017 um 9:30","body":"\n","series_nid":"","series_start":"","series_end":"","nid":"37230","type":"Beitrag"}},{"node":{"title":"Razzien und Festnahmen gegen das Unabh\u00e4ngigkeitsreferendum, Zehntausende demonstrieren","body":"In Katalonien haben am gestrigen Mittwoch Abend Zehntausende gegen die Razzien und Festnahmen der spanischen Polizei demonstriert.","series_nid":"","series_start":"","series_end":"","nid":"37228","type":"Beitrag"}},{"node":{"title":"Gewerkschaften protestieren erneut gegen Arbeitsrechts\u00e4nderung kurz vor der Verabschiedung im Kabinett","body":"F\u00fcr den heutigen Donnerstag rufen Gewerkschaften in Frankreich zum zweiten Mal zu Streiks und Demonstrationen gegen die neue Arbeitsrechts\u00e4nderung auf.","series_nid":"","series_start":"","series_end":"","nid":"37229","type":"Beitrag"}},{"node":{"title":"Autobahnbau zum Wohle von Investoren","body":"Der private Autobahnbau wird als schnelle und kosteng\u00fcnstige Alternative zum Bau aus \u00f6ffentlichen Mitteln empfohlen. Da gab es schon immer immer Zweifel, etwa vomm Rechnungshof.","series_nid":"","series_start":"","series_end":"","nid":"37235","type":"Beitrag"}},{"node":{"title":"Tagesinfo von Donnerstag, 17.09.1992","body":"\n\n\n\n\n\n\n\n\nDo\n\n\n\n\n17.09.92\n","series_nid":"","series_start":"","series_end":"","nid":"37231","type":"Beitrag"}},{"node":{"title":"Baskische Aktivistin Nekane Txapartegi ist frei","body":"F\u00fcr diesen Beitrag wurde haupts\u00e4chlich eine Reportage von Katrin Hiss (Radio RaBe) vom letzten Jahr recyclet.","series_nid":"","series_start":"","series_end":"","nid":"37237","type":"Beitrag"}},{"node":{"title":"Climate Games Basel","body":"In Basel finden dieses Jahr zum ersten Mal die Climate Games statt.","series_nid":"","series_start":"","series_end":"","nid":"37238","type":"Beitrag"}},{"node":{"title":"Ambossquietschen 20.09.2017","body":"","series_nid":"","series_start":"","series_end":"","nid":"37225","type":"Beitrag"}},{"node":{"title":"Raices Nomades (spanisch) 21.09.2017","body":"","series_nid":"","series_start":"","series_end":"","nid":"37239","type":"Beitrag"}},{"node":{"title":"Musikmagazin 21.09.2017","body":"","series_nid":"","series_start":"","series_end":"","nid":"37240","type":"Beitrag"}},{"node":{"title":"Fokus S\u00fcdwest 21.09.2017","body":"Nachrichten:\n# Mitarbeiter nach Rassismus-Skandal entlasse\n# Insektensterben kommt langsam in der Politik an.\n# Dauernde Ernteausf\u00e4lle zwingt das Land zum Umdenken","series_nid":"","series_start":"","series_end":"","nid":"37241","type":"Beitrag"}},{"node":{"title":"Radio Ech (deutsch) 21.09.2017 - Kremls Zusammenarbeit mit den westlichen Rechtsextremen und die Sympathien in der russischsprachigen Bev\u00f6lkerung f\u00fcr die AfD","body":"Kurz vor der Bundestagswahl am Sonntag sprechen wir mit Anton Shekhovtsov, dem Autor des Buchs \"","series_nid":"","series_start":"","series_end":"","nid":"37242","type":"Beitrag"}},{"node":{"title":"GayMusic and More - Sp\u00e4tsommernachtmusik","body":"Der ideale Soundtrack f\u00fcr einen launigen Sp\u00e4tsommerabend!","series_nid":"","series_start":"","series_end":"","nid":"36709","type":"Beitrag"}},{"node":{"title":"la vie avant tout 21.09.2017","body":"Wdh. von r\u00eave.avant.tout xiv","series_nid":"","series_start":"","series_end":"","nid":"37243","type":"Beitrag"}},{"node":{"title":"T\u00fcrk\u00e7e alternatif m\u00fczik - T\u00fcrkisch","body":"Jenseits des hier weithin bekannten Turk-Pops existieren alternative Stile in der t\u00fcrkischen Musik, welche sich an der internationalen Musikszene orientieren aber durch t\u00fcrkische Texte die Herzen d","series_nid":"","series_start":"","series_end":"","nid":"37204","type":"Beitrag"}},{"node":{"title":"Bluesclubradio 21.09.2017","body":"","series_nid":"","series_start":"","series_end":"","nid":"37245","type":"Beitrag"}}]}

Das Morgenradio informiert und unterhält. Jeden Morgen Montag bis Freitag von 8-10. Um 9 Uhr gibt es Veranstaltungshinweise. Um 9 Uhr 30 die ersten Europa News des Tages

Das Tagesinfo war bei Radio Dreyeckland über Jahrzehnte bis in die späten 90er Jahre regelmäßig um 18 Uhr zu hören.

Mittagsmagazin mit Veranstaltungshinweisen für das Dreyeckland. Sendezeit: Montag bis Freitag von 12 bis 13 Uhr Fokussiert auf unser Sendegebiet hört ihr mittags zwischen 12:00 und 13:00 Uhr aktuelle Interviews und Portraits, Beiträge, Nachrichten und Rezensionen sowie Veranstaltungs- und Programmhinweise aus und für die subkulturellen Szenen des Dreyecklandes.

Ein bunt gewürfeltes Magazin. Die Schnuppersendung bei Radio Dreyeckland für Neu-Einsteiger und Neu-Einsteigerinnen.  Einführungsworkshop machen und los gehts.

Montag bis Freitag immer um 17 Uhr aktuelles Konzertgeschehen, Interviews und Neuheiten. Dazu genre-übergreifend Musik.

Fokus Südwest

Landespolitik Baden-Württemberg

Die Schwule Welle ist seit dem Radio Frühling 1985 on Air
19.30 - 21.00 Uhr: Schwule Welle
"Donnerstags habe ich nichts an... nur das Radio auf 102,3!"

Alle 2 Wochen am Donnerstag um 21 Uhr. 'La vie avant tout' - eine Sendung, die sich einer Musik verschrieben hat, die berührt, begeistert, bewegt - mal tänzerisch, mal träumerisch.

Kita im Glacisweg steht noch immer an der Türe und erinnert an die Zeit der Hausbesetzungen aus der die Kita übrig geblieben ist und aus der der selbstverwaltete Betrieb auf dem Grethergelände sein

Armutsgefährdungsquoten 2016 nach verschiedenen Bevölkerungsgruppen im August vorgelegt

Kein Wahlkampfthema und weitgehend unbemerkt wurden die Zahlen aus dem Mikrozensus vorgelegt. Und wurden von einem auf Asylpolitik getrimmten Wahlkampf überdeckt.

Rajoy düpiert mit seinem polizeilichen Eingreifen in Katalonien auch das spanische Parlament

Als der spanische Ministerpräsident Mariano Rajoy die militärisch-polizeiliche Guardia Civil losschickte, um Regierungsgebäude in Barcelona zu durchsuchen und hohe Beamte  festnehmen zu lassen, war

Freihandelsabkommen CETA tritt heute vorläufig in Kraft

Das Freihandelsabkommen CETA zwischen der Europäischen Union und Kanada tritt am heutigen Donnerstag vorläufig in Kraft.

Razzien und Festnahmen gegen das Unabhängigkeitsreferendum, Zehntausende demonstrieren

Gewerkschaften protestieren erneut gegen Arbeitsrechtsänderung kurz vor der Verabschiedung im Kabinett

Für den heutigen Donnerstag rufen Gewerkschaften in Frankreich zum zweiten Mal zu Streiks und Demonstrationen gegen die neue Arbeitsrechtsänderung auf.

Der private Autobahnbau wird als schnelle und kostengünstige Alternative zum Bau aus öffentlichen Mitteln empfohlen. Da gab es schon immer immer Zweifel, etwa vomm Rechnungshof.

Für diesen Beitrag wurde hauptsächlich eine Reportage von Katrin Hiss (Radio RaBe) vom letzten Jahr recyclet.

Fokus Südwest 21.09.2017

Nachrichten:
# Mitarbeiter nach Rassismus-Skandal entlasse
# Insektensterben kommt langsam in der Politik an.
# Dauernde Ernteausfälle zwingt das Land zum Umdenken

Radio Ech (deutsch) 21.09.2017 - Kremls Zusammenarbeit mit den westlichen Rechtsextremen und die Sympathien in der russischsprachigen Bevölkerung für die AfD

GayMusic and More - Spätsommernachtmusik

Der ideale Soundtrack für einen launigen Spätsommerabend!

Wdh. von rêve.avant.tout xiv

Türkçe alternatif müzik - Türkisch

Jenseits des hier weithin bekannten Turk-Pops existieren alternative Stile in der türkischen Musik, welche sich an der internationalen Musikszene orientieren aber durch türkische Texte die Herzen d
