{"nodes":[{"node":{"title":"Bluesclubradio","body":"Jeden Donnerstag 23:30-0:30 Uhr\nModeration: ArneHomepage: www.bluesclubradio.de","series_nid":"51","series_start":"2017-09-21T23:30:00+02:00","series_end":"2017-09-22T00:30:00+02:00","nid":"32270","type":"Sendereihe"}},{"node":{"title":"Democracy Now (US-Magazin)","body":"Aktueller Hinweis (17.10.2023) von der RDL Betriebsgruppe","series_nid":"1,037","series_start":"2017-09-22T07:00:00+02:00","series_end":"2017-09-22T08:00:00+02:00","nid":"17238","type":"Sendereihe"}},{"node":{"title":"Morgenradio","body":"Das Morgenradio informiert und unterh\u00e4lt. Jeden Morgen Montag bis Freitag von 8-10. Um 9 Uhr gibt es Veranstaltungshinweise. Um 9 Uhr 30 die ersten Europa News des Tages","series_nid":"2,668","series_start":"2017-09-22T08:00:00+02:00","series_end":"2017-09-22T10:00:00+02:00","nid":"1","type":"Sendereihe"}},{"node":{"title":"Historisches Tagesinfo","body":"Das Tagesinfo war bei Radio Dreyeckland \u00fcber Jahrzehnte bis in die sp\u00e4ten 90er Jahre regelm\u00e4\u00dfig um 18 Uhr zu h\u00f6ren.","series_nid":"604","series_start":"2017-09-22T10:00:00+02:00","series_end":"2017-09-22T11:00:00+02:00","nid":"21096","type":"Sendereihe"}},{"node":{"title":"Historische Linke Presseschau","body":"","series_nid":"111","series_start":"2017-09-22T11:00:00+02:00","series_end":"2017-09-22T12:00:00+02:00","nid":"17267","type":"Sendereihe"}},{"node":{"title":"punkt12","body":"Mittagsmagazin mit Veranstaltungshinweisen f\u00fcr das Dreyeckland. Sendezeit: Montag bis Freitag von 12 bis 13 Uhr Fokussiert auf unser Sendegebiet h\u00f6rt ihr mittags zwischen 12:00 und 13:00 Uhr aktuelle Interviews und Portraits, Beitr\u00e4ge, Nachrichten und Rezensionen sowie Veranstaltungs- und Programmhinweise aus und f\u00fcr die subkulturellen Szenen des Dreyecklandes.","series_nid":"973","series_start":"2017-09-22T12:00:00+02:00","series_end":"2017-09-22T13:00:00+02:00","nid":"588","type":"Sendereihe"}},{"node":{"title":"Schwule Welle (Wdh.)","body":"","series_nid":"207","series_start":"2017-09-22T13:30:00+02:00","series_end":"2017-09-22T15:00:00+02:00","nid":"17178","type":"Sendereihen-Wiederholung"}},{"node":{"title":"Zweite Heimat","body":"Sendezeit: jeden Freitag von 15 - 16 Uhr\nDJ: Christian Rath","series_nid":"207","series_start":"2017-09-22T15:00:00+02:00","series_end":"2017-09-22T16:00:00+02:00","nid":"17163","type":"Sendereihe"}},{"node":{"title":"Musikmagazin","body":"Montag bis Freitag immer um 17 Uhr aktuelles Konzertgeschehen, Interviews und Neuheiten. Dazu genre-\u00fcbergreifend Musik.","series_nid":"1,059","series_start":"2017-09-22T17:00:00+02:00","series_end":"2017-09-22T18:00:00+02:00","nid":"766","type":"Sendereihe"}},{"node":{"title":"Infomagazin","body":"Eine Auswahl aktueller Beitr\u00e4ge zu politischen und gesellschaftlichen Themen aus Freiburg und der Welt. Montags, mittwochs und freitags um 18 Uhr.","series_nid":"428","series_start":"2017-09-22T18:00:00+02:00","series_end":"2017-09-22T19:00:00+02:00","nid":"21867","type":"Sendereihe"}},{"node":{"title":"O-Ton Playback","body":"Sendezeit: Jeden Freitag im Monat um 19 Uhr (Wiederholung: Dienstag um 14 Uhr)","series_nid":"201","series_start":"2017-09-22T19:00:00+02:00","series_end":"2017-09-22T20:00:00+02:00","nid":"17182","type":"Sendereihe"}},{"node":{"title":"Fikrimin ince g\u00fcl\u00fc","body":"","series_nid":"50","series_start":"2017-09-22T20:00:00+02:00","series_end":"2017-09-22T21:00:00+02:00","nid":"27350","type":"Sendereihen-Wiederholung"}},{"node":{"title":"Bittersweet","body":"Tune In to Bittersweet","series_nid":"28","series_start":"2017-09-22T21:00:00+02:00","series_end":"2017-09-22T22:30:00+02:00","nid":"17147","type":"Sendereihe"}},{"node":{"title":"needsome","body":"... is a radioshow on radio dreyeckland broadcasting from freiburg/ germany\nvinyl mixes & selections around the corners of disco / house / techno / other music","series_nid":"43","series_start":"2017-09-22T22:00:00+02:00","series_end":"2017-09-23T00:30:00+02:00","nid":"21397","type":"Sendereihe"}},{"node":{"title":"Rund 700 Menschen demonstrieren in Freiburg f\u00fcr bessere Arbeitsbedingungen in der Pflege","body":"Rund 700 Menschen haben am Donnerstagabend in Freiburg, wenige Tage vor der Bundestagswahl, f\u00fcr Entlastung jetzt! im Pflegebereich demonstriert und die Arbeitsbedingungen angeprangert.","series_nid":"","series_start":"","series_end":"","nid":"37244","type":"Beitrag"}},{"node":{"title":"Jugendkonzentrationslager Uckermark - die Verfolgung von M\u00e4dchen und jungen Frauen als \"asozial\"","body":"Maria Potrzeba hat das Jugend-KZ Uckermark \u00fcberlebt. Die damals 14-j\u00e4hrige und ihr Bruder waren mit jungen polnischen Zwangsarbeitern befreundet.","series_nid":"","series_start":"","series_end":"","nid":"37261","type":"Beitrag"}},{"node":{"title":"Focus Europa Nachrichten vom Freitag, dem 22. September","body":"Wahlkampf mit Statistiken \u00fcber Vergewaltigung\nKrieg der Worte zwischen Donald und Kim geht weiter\nFrankreich: Abbau von ArbeitnehmerInnenrechten kommt trotz Protest ins Parlament","series_nid":"","series_start":"","series_end":"","nid":"37246","type":"Beitrag"}},{"node":{"title":"Wahlkampf mit Statistiken \u00fcber Vergewaltigung","body":"Wie eine Wahlkampfhilfe f\u00fcr die AfD aber auch eine Unterst\u00fctzung der eigenen Forderungen nach einer Obergrenze bei der Zuwanderung sieht die vom Bayerischen Innenministerium vor Tagen verbreitete Z","series_nid":"","series_start":"","series_end":"","nid":"37247","type":"Beitrag"}},{"node":{"title":"Entwickler des \"sozialklingenden Diskurs\" des Front National zur\u00fcckgetreten","body":"Am Donnerstag ist Florian Philippot, der bisherige FN Fizechef zur\u00fcckgetreten, nachdem er zuvor von Marine Le Pen entmachtet worden war. Wir fragten Bernard Schmid nach den Auswirkungen.","series_nid":"","series_start":"","series_end":"","nid":"37254","type":"Beitrag"}},{"node":{"title":"R\u00fcckl\u00e4ufige Mobilsierung, aber mehr Arbeitsniederlegungen","body":"Der Franz\u00f6sische Staatspr\u00e4sident Emmanuel Macron will das Arbeitsgesetz weiter versch\u00e4rfen.","series_nid":"","series_start":"","series_end":"","nid":"37253","type":"Beitrag"}},{"node":{"title":"Stadt-f\u00fcr-Alle-Nachrichten (R\u00fcckblick 15. Juli - 15. September 2017)","body":"\nKAUM SOZIALWOHNUNGEN, MEHR WOHNUNGSLOSE IN BAW\u00dc\n[FR] KAMPF GEGEN LINKS","series_nid":"","series_start":"","series_end":"","nid":"37255","type":"Beitrag"}},{"node":{"title":"Tagesinfo von Freitag, 18.09.1992","body":"\n\n\n\n\n\n\n1\n\u00a7 218: Umsetzung der Gesetzesnovelle in Ba-W\u00fc, insbes. Freiburg","series_nid":"","series_start":"","series_end":"","nid":"37248","type":"Beitrag"}},{"node":{"title":"T\u00fcrkei ging gegen Schriftsteller Akhanli mit schweren Vorw\u00fcrfen vor - Nachricht mit Zusatz","body":"Wie jetzt bekannt wurde, ist die T\u00fcrkei bei der Fahndung nach dem Schriftsteller Dogan Akhanli um seine Auslieferung zu erreichen mit noch schwereren Vorw\u00fcrfen vorgegangen als bisher bekannt war.","series_nid":"","series_start":"","series_end":"","nid":"37249","type":"Beitrag"}},{"node":{"title":"Krieg der Worte zwischen Donald und Kim geht weiter","body":"Nachdem der amerikanische Pr\u00e4sident Donald Trump Nordkorea in einer Rede vor der UNO mit der \u201ev\u00f6lligen Zerst\u00f6rung\u201c gedroht hat, hat der nordkoreanische Diktator Kim Jong Un soofrt verbal zur\u00fcckgesc","series_nid":"","series_start":"","series_end":"","nid":"37250","type":"Beitrag"}},{"node":{"title":"Frankreich: Abbau von ArbeitnehmerInnenrechten kommt trotz Protest ins Parlament","body":"Gestern demonstrierten erneut mindestens 130 000 Menschen gegen den Abbau von ArbeitnehmerInnenrechten in Frankreich.","series_nid":"","series_start":"","series_end":"","nid":"37251","type":"Beitrag"}},{"node":{"title":"T\u00fcrkische Anw\u00e4lte inhaftiert, weil sie die falschen Mandanten hatten","body":"Der Pr\u00e4sident des Deutschen Anwaltsvereins, Ulrich Schellenberg beklagt Druck auf t\u00fcrkische Kolleginnen und Kollegen. Die Situation werde von Woche zu Woche schlechter.","series_nid":"","series_start":"","series_end":"","nid":"37252","type":"Beitrag"}},{"node":{"title":"Gericht lehnt ein Beweismittel nach dem anderen ab","body":"Philipp K. lieferte die Waffen f\u00fcr das rechtsextreme Attentat am OEZ M\u00fcnchen vergangenes Jahr. Nun erhebt die Nebenklage die Forderung, ihn wegen Beihilfe zum Mord anzuklagen. Das Gericht blockiert die Bem\u00fchungen.","series_nid":"","series_start":"","series_end":"","nid":"37258","type":"Beitrag"}},{"node":{"title":"Radio Ech (deutsch) 21.09.2017 - Kremls Zusammenarbeit mit den westlichen Rechtsextremen und die Sympathien in der russischsprachigen Bev\u00f6lkerung f\u00fcr die AfD","body":"Kurz vor der Bundestagswahl am Sonntag sprechen wir mit Anton Shekhovtsov, dem Autor des Buchs \"","series_nid":"","series_start":"","series_end":"","nid":"37242","type":"Beitrag"}},{"node":{"title":"GayMusic and More - Sp\u00e4tsommernachtmusik","body":"Der ideale Soundtrack f\u00fcr einen launigen Sp\u00e4tsommerabend!","series_nid":"","series_start":"","series_end":"","nid":"36709","type":"Beitrag"}},{"node":{"title":"Musikmagazin | Playlist | Freitag 22. September 2017 | 17-18 Uhr","body":"Kurzfristige Programm\u00e4nderung: Zu Ehren des Gastspiels der Folkpunk-Band \"Across the Border\" aus Remchingen, die am Samstag im Slowclub aufschlagen, gibts heute ein kleines Special \u00fcber die ca. 26-j\u00e4hrige Schaffensweise der Band. Somit kann sich keiner beschweren, er h\u00e4tte nicht gewusst, was auf ihn zu kommt. Bis Samstag, cu Pippi.","series_nid":"","series_start":"","series_end":"","nid":"37256","type":"Beitrag"}},{"node":{"title":"Infomagazin 22.09.2017","body":"","series_nid":"","series_start":"","series_end":"","nid":"37262","type":"Beitrag"}},{"node":{"title":"Philosophisches Experiment 22.09.2017","body":"","series_nid":"","series_start":"","series_end":"","nid":"37263","type":"Beitrag"}},{"node":{"title":"Bittersweet 22.09.2017","body":"","series_nid":"","series_start":"","series_end":"","nid":"37264","type":"Beitrag"}},{"node":{"title":" \u201eEs gibt nicht den Zeugen der alles im \u00dcberblick hat\u201c","body":"Die Einschr\u00e4nkung, die der Zeuge aus der Staatsschutzabteilung des LKA in seinem Eingangsstatement machte, waren ern\u00fcchternd und in Sachen \u201eRechts\u201c-Blindheit nachdr\u00fccklich entlarvend: Die in den Be","series_nid":"","series_start":"","series_end":"","nid":"37268","type":"Beitrag"}}]}

Das Morgenradio informiert und unterhält. Jeden Morgen Montag bis Freitag von 8-10. Um 9 Uhr gibt es Veranstaltungshinweise. Um 9 Uhr 30 die ersten Europa News des Tages

Das Tagesinfo war bei Radio Dreyeckland über Jahrzehnte bis in die späten 90er Jahre regelmäßig um 18 Uhr zu hören.

Mittagsmagazin mit Veranstaltungshinweisen für das Dreyeckland. Sendezeit: Montag bis Freitag von 12 bis 13 Uhr Fokussiert auf unser Sendegebiet hört ihr mittags zwischen 12:00 und 13:00 Uhr aktuelle Interviews und Portraits, Beiträge, Nachrichten und Rezensionen sowie Veranstaltungs- und Programmhinweise aus und für die subkulturellen Szenen des Dreyecklandes.

Montag bis Freitag immer um 17 Uhr aktuelles Konzertgeschehen, Interviews und Neuheiten. Dazu genre-übergreifend Musik.

Eine Auswahl aktueller Beiträge zu politischen und gesellschaftlichen Themen aus Freiburg und der Welt. Montags, mittwochs und freitags um 18 Uhr.

Fikrimin ince gülü

Rund 700 Menschen demonstrieren in Freiburg für bessere Arbeitsbedingungen in der Pflege

Rund 700 Menschen haben am Donnerstagabend in Freiburg, wenige Tage vor der Bundestagswahl, für Entlastung jetzt! im Pflegebereich demonstriert und die Arbeitsbedingungen angeprangert.

Jugendkonzentrationslager Uckermark - die Verfolgung von Mädchen und jungen Frauen als "asozial"

Maria Potrzeba hat das Jugend-KZ Uckermark überlebt. Die damals 14-jährige und ihr Bruder waren mit jungen polnischen Zwangsarbeitern befreundet.

Wahlkampf mit Statistiken über Vergewaltigung
Krieg der Worte zwischen Donald und Kim geht weiter
Frankreich: Abbau von ArbeitnehmerInnenrechten kommt trotz Protest ins Parlament

Wahlkampf mit Statistiken über Vergewaltigung

Wie eine Wahlkampfhilfe für die AfD aber auch eine Unterstützung der eigenen Forderungen nach einer Obergrenze bei der Zuwanderung sieht die vom Bayerischen Innenministerium vor Tagen verbreitete Z

Entwickler des "sozialklingenden Diskurs" des Front National zurückgetreten

Am Donnerstag ist Florian Philippot, der bisherige FN Fizechef zurückgetreten, nachdem er zuvor von Marine Le Pen entmachtet worden war. Wir fragten Bernard Schmid nach den Auswirkungen.

Rückläufige Mobilsierung, aber mehr Arbeitsniederlegungen

Der Französische Staatspräsident Emmanuel Macron will das Arbeitsgesetz weiter verschärfen.

Stadt-für-Alle-Nachrichten (Rückblick 15. Juli - 15. September 2017)

KAUM SOZIALWOHNUNGEN, MEHR WOHNUNGSLOSE IN BAWÜ
[FR] KAMPF GEGEN LINKS

1
§ 218: Umsetzung der Gesetzesnovelle in Ba-Wü, insbes. Freiburg

Türkei ging gegen Schriftsteller Akhanli mit schweren Vorwürfen vor - Nachricht mit Zusatz

Wie jetzt bekannt wurde, ist die Türkei bei der Fahndung nach dem Schriftsteller Dogan Akhanli um seine Auslieferung zu erreichen mit noch schwereren Vorwürfen vorgegangen als bisher bekannt war.

Nachdem der amerikanische Präsident Donald Trump Nordkorea in einer Rede vor der UNO mit der „völligen Zerstörung“ gedroht hat, hat der nordkoreanische Diktator Kim Jong Un soofrt verbal zurückgesc

Türkische Anwälte inhaftiert, weil sie die falschen Mandanten hatten

Der Präsident des Deutschen Anwaltsvereins, Ulrich Schellenberg beklagt Druck auf türkische Kolleginnen und Kollegen. Die Situation werde von Woche zu Woche schlechter.

Philipp K. lieferte die Waffen für das rechtsextreme Attentat am OEZ München vergangenes Jahr. Nun erhebt die Nebenklage die Forderung, ihn wegen Beihilfe zum Mord anzuklagen. Das Gericht blockiert die Bemühungen.

Radio Ech (deutsch) 21.09.2017 - Kremls Zusammenarbeit mit den westlichen Rechtsextremen und die Sympathien in der russischsprachigen Bevölkerung für die AfD

GayMusic and More - Spätsommernachtmusik

Der ideale Soundtrack für einen launigen Spätsommerabend!

Kurzfristige Programmänderung: Zu Ehren des Gastspiels der Folkpunk-Band "Across the Border" aus Remchingen, die am Samstag im Slowclub aufschlagen, gibts heute ein kleines Special über die ca. 26-jährige Schaffensweise der Band. Somit kann sich keiner beschweren, er hätte nicht gewusst, was auf ihn zu kommt. Bis Samstag, cu Pippi.

„Es gibt nicht den Zeugen der alles im Überblick hat“

Die Einschränkung, die der Zeuge aus der Staatsschutzabteilung des LKA in seinem Eingangsstatement machte, waren ernüchternd und in Sachen „Rechts“-Blindheit nachdrücklich entlarvend: Die in den Be
