{"nodes":[{"node":{"title":"Democracy Now (US-Magazin)","body":"Aktueller Hinweis (17.10.2023) von der RDL Betriebsgruppe","series_nid":"1,408","series_start":"2019-03-02T07:00:00+01:00","series_end":"2019-03-02T08:00:00+01:00","nid":"17238","type":"Sendereihe"}},{"node":{"title":"Fokus S\u00fcdwest (Wdh.)","body":"","series_nid":"216","series_start":"2019-03-02T09:00:00+01:00","series_end":"2019-03-02T09:30:00+01:00","nid":"17174","type":"Sendereihen-Wiederholung"}},{"node":{"title":"Jazz News","body":"Sendezeit: jeden Samstag von 10 - 11 Uhr\nDJ: Heinz Dillmann, Hardy Vollmer","series_nid":"282","series_start":"2019-03-02T10:00:00+01:00","series_end":"2019-03-02T11:00:00+01:00","nid":"17150","type":"Sendereihe"}},{"node":{"title":"Back To The Garage","body":"\u00a0Sendezeit: Jeden Samstag von 11-12 Uhr","series_nid":"284","series_start":"2019-03-02T11:00:00+01:00","series_end":"2019-03-02T12:00:00+01:00","nid":"17143","type":"Sendereihe"}},{"node":{"title":"la voix du sud (arab. / franz.)","body":"Sendezeit: Immer der erste Samstag des Monats 12-13 Uhr\nSendung in arabischer und franz\u00f6sischer Sprache.\n\u00a0","series_nid":"65","series_start":"2019-03-02T12:00:00+01:00","series_end":"2019-03-02T13:00:00+01:00","nid":"17197","type":"Sendereihe"}},{"node":{"title":"Ech, Ajda  (auf Russisch)","body":"Sendezeit: Jeden 1., 2. und 5. Samstag des Monats um 13 Uhr-14 Uhr","series_nid":"47","series_start":"2019-03-02T13:00:00+01:00","series_end":"2019-03-02T14:00:00+01:00","nid":"17191","type":"Sendereihe"}},{"node":{"title":"Boa Tarde Portugal","body":"Sendezeit: Jeden Samstag von 14 bis 15 Uhr\nDie Radiosendung Boa Tarde Portugal ist eine Sendung in portugiesischer Sprache, f\u00fcr die portugiesische Bev\u00f6lkerung der Region S\u00fcdbaden. Diese Sendung gibt es schon seit dem 15. Dezember 1990, immer samstags von 14.00 bis 15.00 Uhr. \u00dcberwiegend besteht die Sendung aus traditioneller und vergessener Musik, es werden auch Lokalinformationen und Informationen aus Portugal weitergegeben.","series_nid":"286","series_start":"2019-03-02T14:00:00+01:00","series_end":"2019-03-02T15:00:00+01:00","nid":"1072","type":"Sendereihe"}},{"node":{"title":"Portugal em directo","body":"Sendezeit: Portugal em directo, jeden Samstag, 15-16 Uhr\nSeit November 2009 gibt es im Anschluss an 'Boa Tarde Portugal' diese Sendung auf Portugiesisch:","series_nid":"282","series_start":"2019-03-02T15:00:00+01:00","series_end":"2019-03-02T16:00:00+01:00","nid":"17199","type":"Sendereihe"}},{"node":{"title":"Raices Nomades (spanisch)","body":"Homepage der Redaktion: www.raicesnomades.org\nSendezeit: Samstags 16-17 UhrWiederholung: Donnerstags 15-16 Uhr","series_nid":"281","series_start":"2019-03-02T16:00:00+01:00","series_end":"2019-03-02T17:00:00+01:00","nid":"17206","type":"Sendereihe"}},{"node":{"title":"Radio Fr Greece","body":"Radio Fr Greece l\u00e4uft jeden Samstag im Monat um 17 Uhr auf Griechisch.","series_nid":"212","series_start":"2019-03-02T17:00:00+01:00","series_end":"2019-03-02T18:00:00+01:00","nid":"24437","type":"Sendereihe"}},{"node":{"title":"Magazin Romanesc 100%","body":"\u00a0\u00a0\u00a0\u00a0Sendezeit: Jeden Samstag von 18-19 Uhr","series_nid":"282","series_start":"2019-03-02T18:00:00+01:00","series_end":"2019-03-02T19:00:00+01:00","nid":"17205","type":"Sendereihe"}},{"node":{"title":"Aria Fritta (italiana)","body":"Tutti i sabati dalle 19.00 alle 20.00.\nprogramma in lingua italiana","series_nid":"282","series_start":"2019-03-02T19:00:00+01:00","series_end":"2019-03-02T20:00:00+01:00","nid":"17194","type":"Sendereihe"}},{"node":{"title":"Meet The Beat","body":"Pop-Arch\u00e4ologische Exkursionen durch 75 Jahre Rock-Geschichte.\nSendezeit: jeden Samstag von 20 - 21 Uhr\nDJ: Michael Jung","series_nid":"286","series_start":"2019-03-02T20:00:00+01:00","series_end":"2019-03-02T21:00:00+01:00","nid":"768","type":"Sendereihe"}},{"node":{"title":"Fokus S\u00fcdwest 28.02.2019","body":"Beitr\u00e4ge:\n\u00a0\n\nHeckler und Koch muss zahlen\nKlarastr. 17 im St\u00fchlinger besetzten\nBUND zu Zukunftspl\u00e4nen f\u00fcr die Region Fessenheim\n\n\u00a0\n\u00a0","series_nid":"","series_start":"","series_end":"","nid":"45072","type":"Beitrag"}},{"node":{"title":"Jazz News 02.03.2019","body":"","series_nid":"","series_start":"","series_end":"","nid":"45100","type":"Beitrag"}},{"node":{"title":"Radio Ech (russisch) 02.03.2019","body":"","series_nid":"","series_start":"","series_end":"","nid":"45098","type":"Beitrag"}},{"node":{"title":"Jazz News, Samstag, 02.03.2019, 10 Uhr","body":"Sehr gesangslastig, die \u00f6sterreichischen.....","series_nid":"","series_start":"","series_end":"","nid":"45066","type":"Beitrag"}},{"node":{"title":"Raices Nomades (spanisch) 02.03.2019","body":"","series_nid":"","series_start":"","series_end":"","nid":"45099","type":"Beitrag"}},{"node":{"title":"Magazin Romanesc 100% 02.03.2019","body":"","series_nid":"","series_start":"","series_end":"","nid":"45101","type":"Beitrag"}},{"node":{"title":"Aria Fritta (italiana) 02.03.2019","body":"","series_nid":"","series_start":"","series_end":"","nid":"45102","type":"Beitrag"}},{"node":{"title":"Meet The Beat am Samstag, 2. M\u00e4rz, 20 Uhr","body":"Meet The Motown Beat - Folge 3","series_nid":"","series_start":"","series_end":"","nid":"45043","type":"Beitrag"}},{"node":{"title":"M\u00e4dchenMusik avant tout II","body":"Hand in Hand,\u00a0von und zu,\u00a0einschlie\u00dflich, erfasst und mit, samt und\u00a0inbegriffen... Nun, \u00a0auf den Punkt gebracht: eine \"Gemeinschaftssendung\" von David (danse.avant.tout) und deinePetra!","series_nid":"","series_start":"","series_end":"","nid":"45094","type":"Beitrag"}}]}

Fokus Südwest (Wdh.)

Sendezeit: Immer der erste Samstag des Monats 12-13 Uhr
Sendung in arabischer und französischer Sprache.

Sendezeit: Jeden Samstag von 14 bis 15 Uhr
Die Radiosendung Boa Tarde Portugal ist eine Sendung in portugiesischer Sprache, für die portugiesische Bevölkerung der Region Südbaden. Diese Sendung gibt es schon seit dem 15. Dezember 1990, immer samstags von 14.00 bis 15.00 Uhr. Überwiegend besteht die Sendung aus traditioneller und vergessener Musik, es werden auch Lokalinformationen und Informationen aus Portugal weitergegeben.

Radio Fr Greece läuft jeden Samstag im Monat um 17 Uhr auf Griechisch.

Pop-Archäologische Exkursionen durch 75 Jahre Rock-Geschichte.
Sendezeit: jeden Samstag von 20 - 21 Uhr
DJ: Michael Jung

Fokus Südwest 28.02.2019

Beiträge:
 

Heckler und Koch muss zahlen
Klarastr. 17 im Stühlinger besetzten
BUND zu Zukunftsplänen für die Region Fessenheim

Sehr gesangslastig, die österreichischen.....

Meet The Beat am Samstag, 2. März, 20 Uhr

MädchenMusik avant tout II

Hand in Hand, von und zu, einschließlich, erfasst und mit, samt und inbegriffen... Nun,  auf den Punkt gebracht: eine "Gemeinschaftssendung" von David (danse.avant.tout) und deinePetra!
