{"nodes":[{"node":{"title":"Democracy Now (US-Magazin)","body":"Aktueller Hinweis (17.10.2023) von der RDL Betriebsgruppe","series_nid":"2,087","series_start":"2021-10-09T07:00:00+02:00","series_end":"2021-10-09T08:00:00+02:00","nid":"17238","type":"Sendereihe"}},{"node":{"title":"Jazz News","body":"Sendezeit: jeden Samstag von 10 - 11 Uhr\nDJ: Heinz Dillmann, Hardy Vollmer","series_nid":"418","series_start":"2021-10-09T10:00:00+02:00","series_end":"2021-10-09T11:00:00+02:00","nid":"17150","type":"Sendereihe"}},{"node":{"title":"Back To The Garage","body":"\u00a0Sendezeit: Jeden Samstag von 11-12 Uhr","series_nid":"420","series_start":"2021-10-09T11:00:00+02:00","series_end":"2021-10-09T12:00:00+02:00","nid":"17143","type":"Sendereihe"}},{"node":{"title":"African Magazin","body":"Sendezeit: Immer am zweiten Samstag des Monats um 12 Uhr.","series_nid":"92","series_start":"2021-10-09T12:00:00+02:00","series_end":"2021-10-09T13:00:00+02:00","nid":"19395","type":"Sendereihe"}},{"node":{"title":"Ajda (auf Russisch)","body":"Sendezeit: Jeden ersten, zweiten, dritten und f\u00fcnften Samstag im Monat zwischen 13 Uhr-14 Uhr","series_nid":"172","series_start":"2021-10-09T13:00:00+02:00","series_end":"2021-10-09T14:00:00+02:00","nid":"17191","type":"Sendereihe"}},{"node":{"title":"Boa Tarde Portugal","body":"Sendezeit: Jeden Samstag von 14 bis 15 Uhr\nDie Radiosendung Boa Tarde Portugal ist eine Sendung in portugiesischer Sprache, f\u00fcr die portugiesische Bev\u00f6lkerung der Region S\u00fcdbaden. Diese Sendung gibt es schon seit dem 15. Dezember 1990, immer samstags von 14.00 bis 15.00 Uhr. \u00dcberwiegend besteht die Sendung aus traditioneller und vergessener Musik, es werden auch Lokalinformationen und Informationen aus Portugal weitergegeben.","series_nid":"422","series_start":"2021-10-09T14:00:00+02:00","series_end":"2021-10-09T15:00:00+02:00","nid":"1072","type":"Sendereihe"}},{"node":{"title":"Portugal em directo","body":"Sendezeit: Portugal em directo, jeden Samstag, 15-16 Uhr\nSeit November 2009 gibt es im Anschluss an 'Boa Tarde Portugal' diese Sendung auf Portugiesisch:","series_nid":"418","series_start":"2021-10-09T15:00:00+02:00","series_end":"2021-10-09T16:00:00+02:00","nid":"17199","type":"Sendereihe"}},{"node":{"title":"Raices Nomades (spanisch)","body":"Homepage der Redaktion: www.raicesnomades.org\nSendezeit: Samstags 16-17 UhrWiederholung: Donnerstags 15-16 Uhr","series_nid":"417","series_start":"2021-10-09T16:00:00+02:00","series_end":"2021-10-09T17:00:00+02:00","nid":"17206","type":"Sendereihe"}},{"node":{"title":"Radio Fr Greece","body":"Radio Fr Greece l\u00e4uft jeden Samstag im Monat um 17 Uhr auf Griechisch.","series_nid":"347","series_start":"2021-10-09T17:00:00+02:00","series_end":"2021-10-09T18:00:00+02:00","nid":"24437","type":"Sendereihe"}},{"node":{"title":"Magazin Romanesc 100%","body":"\u00a0\u00a0\u00a0\u00a0Sendezeit: Jeden Samstag von 18-19 Uhr","series_nid":"418","series_start":"2021-10-09T18:00:00+02:00","series_end":"2021-10-09T19:00:00+02:00","nid":"17205","type":"Sendereihe"}},{"node":{"title":"Aria Fritta (italiana)","body":"Tutti i sabati dalle 19.00 alle 20.00.\nprogramma in lingua italiana","series_nid":"417","series_start":"2021-10-09T19:00:00+02:00","series_end":"2021-10-09T20:00:00+02:00","nid":"17194","type":"Sendereihe"}},{"node":{"title":"Meet The Beat","body":"Pop-Arch\u00e4ologische Exkursionen durch 75 Jahre Rock-Geschichte.\nSendezeit: jeden Samstag von 20 - 21 Uhr\nDJ: Michael Jung","series_nid":"422","series_start":"2021-10-09T20:00:00+02:00","series_end":"2021-10-09T21:00:00+02:00","nid":"768","type":"Sendereihe"}},{"node":{"title":"Lautsprecher","body":"Sendezeit: Alle 4 Wochen samstags von 22-0 Uhr\nDJs: Mc Krom und B-kwem","series_nid":"17","series_start":"2021-10-09T22:00:00+02:00","series_end":"2021-10-10T00:00:00+02:00","nid":"1075","type":"Sendereihe"}},{"node":{"title":"Jazz News 09.10.2021","body":"","series_nid":"","series_start":"","series_end":"","nid":"58999","type":"Beitrag"}},{"node":{"title":"Grenzenlos in Athen","body":"Die Festung Europa ist ein Verbrechen an der Menschheit und stellt Schutzsuchende vor schier un\u00fcberwindbare Probleme.","series_nid":"","series_start":"","series_end":"","nid":"58995","type":"Beitrag"}},{"node":{"title":"RDL sendet live von der Demo gegen Massenlager","body":"Bundesweiter Aktionstag gegen die Unterbringung von Menschen in Massenlagern.","series_nid":"","series_start":"","series_end":"","nid":"58965","type":"Programmhinweis"}},{"node":{"title":"Ech, Ajda  (auf Russisch) 09.10.2021","body":"","series_nid":"","series_start":"","series_end":"","nid":"58996","type":"Beitrag"}},{"node":{"title":"RDL sendet live von der Demo gegen Massenlager","body":"Bundesweiter Aktionstag gegen die Unterbringung von Menschen in Massenlagern.","series_nid":"","series_start":"","series_end":"","nid":"58965","type":"Programmhinweis"}},{"node":{"title":"Portugal em directo 09.10.2021","body":"","series_nid":"","series_start":"","series_end":"","nid":"58997","type":"Beitrag"}},{"node":{"title":"Raices Nomades (spanisch) 09.10.2021","body":"","series_nid":"","series_start":"","series_end":"","nid":"58998","type":"Beitrag"}},{"node":{"title":"Jazz News, Samstag, 09.10.2021, 10 Uhr","body":"Efrat Alony, Jelena Kuljic, Robert Finley, Inga Rumpf .........","series_nid":"","series_start":"","series_end":"","nid":"58957","type":"Beitrag"}},{"node":{"title":"Magazin Romanesc 100% 09.10.2021","body":"","series_nid":"","series_start":"","series_end":"","nid":"59000","type":"Beitrag"}},{"node":{"title":"Aria Fritta (italiana) 09.10.2021","body":"","series_nid":"","series_start":"","series_end":"","nid":"59002","type":"Beitrag"}},{"node":{"title":"Meet The Beat am Samstag, 09. Oktober 2021, 20 Uhr","body":"Der Motown Sound\u00a0macht vorgezogene Herbstferien\u00a0- am heutigen Samstag gibt es daf\u00fcr einen nicht minder h\u00f6renswerten Ausflug in den swingenden\u00a0Oktober 1966","series_nid":"","series_start":"","series_end":"","nid":"58848","type":"Beitrag"}},{"node":{"title":"Rund 200 Menschen demonstrieren in Freiburg gegen die LEA und alle anderen Lager","body":"Am Samstag, den 9. Oktober 2021, demonstrierten rund 200 Menschen in Solidarit\u00e4t f\u00fcr gefl\u00fcchtete Personen gegen die Landeserstaufnahmeeinrichtung in Freiburg, wie auch gegen alle anderen Lager.","series_nid":"","series_start":"","series_end":"","nid":"59003","type":"Beitrag"}}]}

Sendezeit: Jeden ersten, zweiten, dritten und fünften Samstag im Monat zwischen 13 Uhr-14 Uhr

Sendezeit: Jeden Samstag von 14 bis 15 Uhr
Die Radiosendung Boa Tarde Portugal ist eine Sendung in portugiesischer Sprache, für die portugiesische Bevölkerung der Region Südbaden. Diese Sendung gibt es schon seit dem 15. Dezember 1990, immer samstags von 14.00 bis 15.00 Uhr. Überwiegend besteht die Sendung aus traditioneller und vergessener Musik, es werden auch Lokalinformationen und Informationen aus Portugal weitergegeben.

Radio Fr Greece läuft jeden Samstag im Monat um 17 Uhr auf Griechisch.

Pop-Archäologische Exkursionen durch 75 Jahre Rock-Geschichte.
Sendezeit: jeden Samstag von 20 - 21 Uhr
DJ: Michael Jung

Die Festung Europa ist ein Verbrechen an der Menschheit und stellt Schutzsuchende vor schier unüberwindbare Probleme.

Der Motown Sound macht vorgezogene Herbstferien - am heutigen Samstag gibt es dafür einen nicht minder hörenswerten Ausflug in den swingenden Oktober 1966

Am Samstag, den 9. Oktober 2021, demonstrierten rund 200 Menschen in Solidarität für geflüchtete Personen gegen die Landeserstaufnahmeeinrichtung in Freiburg, wie auch gegen alle anderen Lager.
