{"nodes":[{"node":{"title":"Lautsprecher","body":"Sendezeit: Alle 4 Wochen samstags von 22-0 Uhr\nDJs: Mc Krom und B-kwem","series_nid":"17","series_start":"2021-10-09T22:00:00+02:00","series_end":"2021-10-10T00:00:00+02:00","nid":"1075","type":"Sendereihe"}},{"node":{"title":"Jazz Matinee","body":"Sendezeit: jeden Sonntag von 09 - 11 Uhr\nDJ: Michael van Gee","series_nid":"421","series_start":"2021-10-10T09:00:00+02:00","series_end":"2021-10-10T11:00:00+02:00","nid":"765","type":"Sendereihe"}},{"node":{"title":"Espaco Aberto (brasilianisch)","body":"Espa\u00e7o Aberto \u00e9 o programa brasileiro na r\u00e1dio Dreyeckland.\u00a0No Espa\u00e7o Aberto voc\u00ea escuta not\u00edcias atuais sobre o Brasil, dicas culturais e muita m\u00fasica.","series_nid":"417","series_start":"2021-10-10T11:00:00+02:00","series_end":"2021-10-10T12:00:00+02:00","nid":"17192","type":"Sendereihe"}},{"node":{"title":"African Roots Music","body":"Sendezeit: jeden Sonntag von 14 - 16 UhrDJ: Jon-Jon","series_nid":"417","series_start":"2021-10-10T14:00:00+02:00","series_end":"2021-10-10T16:00:00+02:00","nid":"17166","type":"Sendereihe"}},{"node":{"title":"Freistunde FM - Jugendradio","body":"Sendezeit: Jeden Sonntag von 17-18 Uhr (Wiederholung Montag 13-14 Uhr)\nJung, motiviert und voller toller Ideen.","series_nid":"418","series_start":"2021-10-10T17:00:00+02:00","series_end":"2021-10-10T18:00:00+02:00","nid":"781","type":"Sendereihe"}},{"node":{"title":"Musik Spezial","body":"Jeden Sonntag 18-20 Uhr","series_nid":"417","series_start":"2021-10-10T18:00:00+02:00","series_end":"2021-10-10T20:00:00+02:00","nid":"17156","type":"Sendereihe"}},{"node":{"title":"Rabenton","body":"Am 2. Sonntag des Monats von 22-24 Uhr\nModerator: Ozzi, Greyff & Rapkalibur","series_nid":"96","series_start":"2021-10-10T22:00:00+02:00","series_end":"2021-10-11T00:00:00+02:00","nid":"17159","type":"Sendereihe"}},{"node":{"title":"Jazz Matinee am Sonntag, den 10.10.2021, 9 Uhr bis 11 Uhr","body":"Jazz Matinee am Sonntag, den 10.10.2021, 9 Uhr bis 11 Uhr\nLiebe Jazzfreundinnen und Jazzfreunde,","series_nid":"","series_start":"","series_end":"","nid":"58972","type":"Beitrag"}},{"node":{"title":"Espaco Aberto (brasilianisch) 10.10.2021","body":"","series_nid":"","series_start":"","series_end":"","nid":"59006","type":"Beitrag"}},{"node":{"title":"10.10.2021","body":"","series_nid":"","series_start":"","series_end":"","nid":"59010","type":"Beitrag"}},{"node":{"title":"Freistunde FM - Jugendradio 10.10.2021","body":"","series_nid":"","series_start":"","series_end":"","nid":"59008","type":"Beitrag"}},{"node":{"title":"Musik Spezial: James Bond Soundtracks und Adaptionen","body":"Bond is back to the Leinwand","series_nid":"","series_start":"","series_end":"","nid":"59005","type":"Beitrag"}},{"node":{"title":"Musik Spezial 10.10.2021","body":"","series_nid":"","series_start":"","series_end":"","nid":"59011","type":"Beitrag"}},{"node":{"title":"Musik Spezial: James Bond Soundtracks und Adaptionen","body":"Bond is back to the Leinwand","series_nid":"","series_start":"","series_end":"","nid":"59005","type":"Beitrag"}},{"node":{"title":"Sondersendung: Delegierte des Congreso Nacional Indigena zu Gast bei Rdl","body":"Delegierte des CNI (Nationaler Kongress der Indigenen) stellen ihre Organisation vor und sprechen von den K\u00e4mpfen in ihren Gemeinden [pueblos originarios].","series_nid":"","series_start":"","series_end":"","nid":"59007","type":"Beitrag"}}]}

Espaço Aberto é o programa brasileiro na rádio Dreyeckland. No Espaço Aberto você escuta notícias atuais sobre o Brasil, dicas culturais e muita música.

Delegierte des CNI (Nationaler Kongress der Indigenen) stellen ihre Organisation vor und sprechen von den Kämpfen in ihren Gemeinden [pueblos originarios].
