{"nodes":[{"node":{"title":"Rabenton","body":"Am 2. Sonntag des Monats von 22-24 Uhr\nModerator: Ozzi, Greyff & Rapkalibur","series_nid":"96","series_start":"2021-10-10T22:00:00+02:00","series_end":"2021-10-11T00:00:00+02:00","nid":"17159","type":"Sendereihe"}},{"node":{"title":"Nachtprogramm","body":"Durch die Nacht mit ausgew\u00e4hlten Musiksendungen von RDL.","series_nid":"835","series_start":"2021-10-11T00:00:00+02:00","series_end":"2021-10-11T07:00:00+02:00","nid":"17168","type":"Sendereihe"}},{"node":{"title":"Morgenradio","body":"Das Morgenradio unterh\u00e4lt und informiert \u00fcber politische, gesellschaftliche kulturelle Themen aus Freiburg und dem Umland, aus Europa und weltweit. Jeden Morgen, Montag bis Freitag von 8-10.","series_nid":"630","series_start":"2021-10-11T08:00:00+02:00","series_end":"2021-10-11T10:00:00+02:00","nid":"44809","type":"Sendereihe"}},{"node":{"title":"Historisches Tagesinfo","body":"Das Tagesinfo war bei Radio Dreyeckland \u00fcber Jahrzehnte bis in die sp\u00e4ten 90er Jahre regelm\u00e4\u00dfig um 18 Uhr zu h\u00f6ren.","series_nid":"1,449","series_start":"2021-10-11T10:00:00+02:00","series_end":"2021-10-11T11:00:00+02:00","nid":"21096","type":"Sendereihe"}},{"node":{"title":"Antirepression (Wdh.)","body":"","series_nid":"38","series_start":"2021-10-11T11:00:00+02:00","series_end":"2021-10-11T12:00:00+02:00","nid":"41166","type":"Sendereihen-Wiederholung"}},{"node":{"title":"Eco Rebelde (Wdh.)","body":"","series_nid":"5","series_start":"2021-10-11T11:00:00+02:00","series_end":"2021-10-11T12:00:00+02:00","nid":"57011","type":"Sendereihen-Wiederholung"}},{"node":{"title":"punkt12","body":"Mittagsmagazin mit Veranstaltungshinweisen f\u00fcr das Dreyeckland. Sendezeit: Montag bis Freitag von 12 bis 13 Uhr Fokussiert auf unser Sendegebiet h\u00f6rt ihr mittags zwischen 12:00 und 13:00 Uhr aktuelle Interviews und Portraits, Beitr\u00e4ge, Nachrichten und Rezensionen sowie Veranstaltungs- und Programmhinweise aus und f\u00fcr die subkulturellen Szenen des Dreyecklandes.","series_nid":"1,988","series_start":"2021-10-11T12:00:00+02:00","series_end":"2021-10-11T13:00:00+02:00","nid":"588","type":"Sendereihe"}},{"node":{"title":"Freistunde FM - Jugendradio (Wdh.)","body":"","series_nid":"412","series_start":"2021-10-11T13:00:00+02:00","series_end":"2021-10-11T14:00:00+02:00","nid":"17219","type":"Sendereihen-Wiederholung"}},{"node":{"title":"Bebe Y Lucha (Wdh.)","body":"","series_nid":"207","series_start":"2021-10-11T14:00:00+02:00","series_end":"2021-10-11T15:00:00+02:00","nid":"17221","type":"Sendereihen-Wiederholung"}},{"node":{"title":"Espaco Aberto (wdh.)","body":"","series_nid":"178","series_start":"2021-10-11T14:00:00+02:00","series_end":"2021-10-11T15:00:00+02:00","nid":"40724","type":"Sendereihen-Wiederholung"}},{"node":{"title":"Esperanto Magazin' (Montag)","body":"Sendezeit:\nMontags 2./4./5. im Monat 16-17 Uhr\nSonnntags 1./3./5. im Monat 13-14 Uhr\nprezentado","series_nid":"220","series_start":"2021-10-11T16:00:00+02:00","series_end":"2021-10-11T17:00:00+02:00","nid":"17765","type":"Sendereihe"}},{"node":{"title":"Musikmagazin","body":"Montag bis Freitag immer um 17 Uhr aktuelles Konzertgeschehen, Interviews und Neuheiten. Dazu genre-\u00fcbergreifend Musik.","series_nid":"2,110","series_start":"2021-10-11T17:00:00+02:00","series_end":"2021-10-11T18:00:00+02:00","nid":"766","type":"Sendereihe"}},{"node":{"title":"Infomagazin","body":"Eine Auswahl aktueller Beitr\u00e4ge zu politischen und gesellschaftlichen Themen aus Freiburg und der Welt. Montags, mittwochs und freitags um 18 Uhr.","series_nid":"1,025","series_start":"2021-10-11T18:00:00+02:00","series_end":"2021-10-11T19:00:00+02:00","nid":"21867","type":"Sendereihe"}},{"node":{"title":" Chaosradio Freiburg","body":"Mitmachen und Feedback,\u00a0live hier oder\u00a0anachronistisch\u00a0im Archiv \u2026","series_nid":"125","series_start":"2021-10-11T19:00:00+02:00","series_end":"2021-10-11T20:00:00+02:00","nid":"35236","type":"Sendereihe"}},{"node":{"title":"burning beds","body":"Das Umweltmagazin bei Radio Dreyeckland\nAm 2. Montag des Monats um 20 Uhr (Wiederholung: Dienstag 13 Uhr)","series_nid":"94","series_start":"2021-10-11T20:00:00+02:00","series_end":"2021-10-11T21:00:00+02:00","nid":"17185","type":"Sendereihe"}},{"node":{"title":"Babylon Calling","body":"Sendezeit: jeden Montag von 21 - 22.30 UhrDJs: Wolf, Thomas, Werner und J\u00fcrgen","series_nid":"421","series_start":"2021-10-11T21:00:00+02:00","series_end":"2021-10-11T22:30:00+02:00","nid":"17144","type":"Sendereihe"}},{"node":{"title":"Tagesinfo von Mittwoch, 09.10.1996","body":"\n\n\n\n\n\n\n\n\nMi\n09.10.96\n1.","series_nid":"","series_start":"","series_end":"","nid":"59014","type":"Beitrag"}},{"node":{"title":"\u00fcber die Situation und die Solidarit\u00e4t vor Ort ","body":"Im Krieg gegen People on the Move ist unter anderem die Polnisch Belarusischen Grenze gerade zum neuen Brennpunkt ausgebaut worden.\u00a0 Schutzsuchende werden hier in einem Machtspiel zwischen dem Bela","series_nid":"","series_start":"","series_end":"","nid":"59015","type":"Beitrag"}},{"node":{"title":"Simon Sumbert der JUPI-Fraktion \u00fcber die Diskussion bzgl. der St\u00e4dtepartnerschaft mit Isfahan","body":"Die Diskussion um die St\u00e4dtepartnerschaft mit der iranischen Stadt Isfahan hat den Gemeinderat erreicht.","series_nid":"","series_start":"","series_end":"","nid":"59016","type":"Beitrag"}},{"node":{"title":"200 gedenken in Freiburg den Betroffenen des Anschlags von Halle","body":"Am Samstag, den 9. Oktober, gedachten bis zu 200 Personen in Freiburg den Betroffenen des Anschlags in Halle an der Saale.","series_nid":"","series_start":"","series_end":"","nid":"59004","type":"Beitrag"}},{"node":{"title":"Erfahrungsbericht \u00fcber das \"Tribunal\" bei Heckler & Koch in Oberndorf","body":"Letzten Freitag, den 8. Oktober 2021, fand vor dem Gel\u00e4nde des Waffenherstellers Heckler & Koch, eine Blockadeaktion statt.","series_nid":"","series_start":"","series_end":"","nid":"59020","type":"Beitrag"}},{"node":{"title":"Freistunde FM - Jugendradio 10.10.2021","body":"","series_nid":"","series_start":"","series_end":"","nid":"59008","type":"Beitrag"}},{"node":{"title":"Esperanto Magazin' (Montag) 11.10.2021","body":"","series_nid":"","series_start":"","series_end":"","nid":"59019","type":"Beitrag"}},{"node":{"title":"Berichte der Ombudsstellen und Beratungsstellen als W\u00e4rmeinseln?","body":"Im Fall der\u00a0 Behindertenbeauftragten, Frau Baumgart, schlackerten die Ohren der wenigen anwesenden Gemeinder\u00e4t:innen geh\u00f6rig.","series_nid":"","series_start":"","series_end":"","nid":"59021","type":"Beitrag"}},{"node":{"title":"Musikmagazin 11.10.2021","body":"","series_nid":"","series_start":"","series_end":"","nid":"59023","type":"Beitrag"}},{"node":{"title":"Sozialer Hardcore Frost geht an die Fundamente","body":"Nun die Verschiebung vom 7. auf den 8.10.21 scheint bei den 26 stimmberechtigten Mitgliedern des Sozialauschuss nicht recht goutiert zu worden sein.","series_nid":"","series_start":"","series_end":"","nid":"59024","type":"Beitrag"}},{"node":{"title":"Infomagazin 11.10.2021","body":"","series_nid":"","series_start":"","series_end":"","nid":"59026","type":"Beitrag"}},{"node":{"title":"Chaosradio Freiburg 0x53","body":"Nach einer ungeplanten, etwas l\u00e4ngeren Sommerpause melden wir uns zur\u00fcck.","series_nid":"","series_start":"","series_end":"","nid":"59033","type":"Beitrag"}},{"node":{"title":"burning beds","body":"Die Themen: Wie werden Leute bezeichnet, die das Gegenteil dessen tun, was sie predigen?","series_nid":"","series_start":"","series_end":"","nid":"59028","type":"Beitrag"}},{"node":{"title":"US-Pr\u00e4sident Joseph Biden vergr\u00f6\u00dfert Naturschutzgebiete | Umweltpolitisch dennoch weiterhin r\u00fcckst\u00e4ndig","body":"US-Pr\u00e4sident Joseph Biden hat drei unter seinem Vorg\u00e4nger Donald Trump verkleinerte Naturschutzgebiete wieder vergr\u00f6\u00dfert.","series_nid":"","series_start":"","series_end":"","nid":"59029","type":"Beitrag"}},{"node":{"title":"Aktionstage zu den Koalitions-Verhandlungen angek\u00fcndigt | Breites B\u00fcndnis 'Gerechtigkeit Jetzt!' ruft zu Protesten gegen Ampel- und Jamaika-Koalition auf","body":"Mit dem heutigen Start der Ampel-Sondierungen ruft ein breites B\u00fcndnis aus sozialen Bewegungen und zivilgesellschaftlichen AkteurInnen vom 20. bis 29.","series_nid":"","series_start":"","series_end":"","nid":"59030","type":"Beitrag"}},{"node":{"title":"Illegales Tropenholz f\u00fcr 'Gorch Fock' | Bundesregierung mi\u00dfachtet Gesetze","body":"Ein Aktions-B\u00fcndnis aus f\u00fcnf Umweltschutz-Organisationen protestierte am Mo., 4. Oktober, beim Eintreffen des instandgesetzten Segelschulschiffs 'Gorch Fock' in Kiel.","series_nid":"","series_start":"","series_end":"","nid":"59034","type":"Beitrag"}},{"node":{"title":"Dub Kali Rootz : Rewind Fast Forward","body":"Rewinding and fast forwarding for our future ancestors. Looking back 14 years on Dub Kali Rootz. Forward and beyond with some crushers from that progressive Dancehall crew and some Doo Wop adding more historical spice. Pure treat. Nuff Dub Love!\n\n\n\u00a0","series_nid":"","series_start":"","series_end":"","nid":"59018","type":"Beitrag"}}]}

Durch die Nacht mit ausgewählten Musiksendungen von RDL.

Das Morgenradio unterhält und informiert über politische, gesellschaftliche kulturelle Themen aus Freiburg und dem Umland, aus Europa und weltweit. Jeden Morgen, Montag bis Freitag von 8-10.

Das Tagesinfo war bei Radio Dreyeckland über Jahrzehnte bis in die späten 90er Jahre regelmäßig um 18 Uhr zu hören.

Mittagsmagazin mit Veranstaltungshinweisen für das Dreyeckland. Sendezeit: Montag bis Freitag von 12 bis 13 Uhr Fokussiert auf unser Sendegebiet hört ihr mittags zwischen 12:00 und 13:00 Uhr aktuelle Interviews und Portraits, Beiträge, Nachrichten und Rezensionen sowie Veranstaltungs- und Programmhinweise aus und für die subkulturellen Szenen des Dreyecklandes.

Montag bis Freitag immer um 17 Uhr aktuelles Konzertgeschehen, Interviews und Neuheiten. Dazu genre-übergreifend Musik.

Eine Auswahl aktueller Beiträge zu politischen und gesellschaftlichen Themen aus Freiburg und der Welt. Montags, mittwochs und freitags um 18 Uhr.

Sendezeit: jeden Montag von 21 - 22.30 UhrDJs: Wolf, Thomas, Werner und Jürgen

über die Situation und die Solidarität vor Ort

Simon Sumbert der JUPI-Fraktion über die Diskussion bzgl. der Städtepartnerschaft mit Isfahan

Die Diskussion um die Städtepartnerschaft mit der iranischen Stadt Isfahan hat den Gemeinderat erreicht.

Erfahrungsbericht über das "Tribunal" bei Heckler & Koch in Oberndorf

Letzten Freitag, den 8. Oktober 2021, fand vor dem Gelände des Waffenherstellers Heckler & Koch, eine Blockadeaktion statt.

Berichte der Ombudsstellen und Beratungsstellen als Wärmeinseln?

Im Fall der  Behindertenbeauftragten, Frau Baumgart, schlackerten die Ohren der wenigen anwesenden Gemeinderät:innen gehörig.

Nach einer ungeplanten, etwas längeren Sommerpause melden wir uns zurück.

US-Präsident Joseph Biden vergrößert Naturschutzgebiete | Umweltpolitisch dennoch weiterhin rückständig

US-Präsident Joseph Biden hat drei unter seinem Vorgänger Donald Trump verkleinerte Naturschutzgebiete wieder vergrößert.

Aktionstage zu den Koalitions-Verhandlungen angekündigt | Breites Bündnis 'Gerechtigkeit Jetzt!' ruft zu Protesten gegen Ampel- und Jamaika-Koalition auf

Mit dem heutigen Start der Ampel-Sondierungen ruft ein breites Bündnis aus sozialen Bewegungen und zivilgesellschaftlichen AkteurInnen vom 20. bis 29.

Illegales Tropenholz für 'Gorch Fock' | Bundesregierung mißachtet Gesetze

Ein Aktions-Bündnis aus fünf Umweltschutz-Organisationen protestierte am Mo., 4. Oktober, beim Eintreffen des instandgesetzten Segelschulschiffs 'Gorch Fock' in Kiel.
