{"nodes":[{"node":{"title":"needsome","body":"... is a radioshow on radio dreyeckland broadcasting from freiburg/ germany\nvinyl mixes & selections around the corners of disco / house / techno / other music","series_nid":"96","series_start":"2021-10-15T22:00:00+02:00","series_end":"2021-10-16T00:30:00+02:00","nid":"21397","type":"Sendereihe"}},{"node":{"title":"Democracy Now (US-Magazin)","body":"Aktueller Hinweis (17.10.2023) von der RDL Betriebsgruppe","series_nid":"2,092","series_start":"2021-10-16T07:00:00+02:00","series_end":"2021-10-16T08:00:00+02:00","nid":"17238","type":"Sendereihe"}},{"node":{"title":"Jazz News","body":"Sendezeit: jeden Samstag von 10 - 11 Uhr\nDJ: Heinz Dillmann, Hardy Vollmer","series_nid":"419","series_start":"2021-10-16T10:00:00+02:00","series_end":"2021-10-16T11:00:00+02:00","nid":"17150","type":"Sendereihe"}},{"node":{"title":"Back To The Garage","body":"\u00a0Sendezeit: Jeden Samstag von 11-12 Uhr","series_nid":"421","series_start":"2021-10-16T11:00:00+02:00","series_end":"2021-10-16T12:00:00+02:00","nid":"17143","type":"Sendereihe"}},{"node":{"title":"Ajda (auf Russisch)","body":"Sendezeit: Jeden ersten, zweiten, dritten und f\u00fcnften Samstag im Monat zwischen 13 Uhr-14 Uhr","series_nid":"173","series_start":"2021-10-16T13:00:00+02:00","series_end":"2021-10-16T14:00:00+02:00","nid":"17191","type":"Sendereihe"}},{"node":{"title":"Radio Ech (russisch)","body":"Sendetermin:\u00a0Radio Ech\u00a0Jeden 3. und 4. und 5. Samstag 13-14 Uhr","series_nid":"226","series_start":"2021-10-16T13:00:00+02:00","series_end":"2021-10-16T14:00:00+02:00","nid":"17203","type":"Sendereihe"}},{"node":{"title":"Boa Tarde Portugal","body":"Sendezeit: Jeden Samstag von 14 bis 15 Uhr\nDie Radiosendung Boa Tarde Portugal ist eine Sendung in portugiesischer Sprache, f\u00fcr die portugiesische Bev\u00f6lkerung der Region S\u00fcdbaden. Diese Sendung gibt es schon seit dem 15. Dezember 1990, immer samstags von 14.00 bis 15.00 Uhr. \u00dcberwiegend besteht die Sendung aus traditioneller und vergessener Musik, es werden auch Lokalinformationen und Informationen aus Portugal weitergegeben.","series_nid":"423","series_start":"2021-10-16T14:00:00+02:00","series_end":"2021-10-16T15:00:00+02:00","nid":"1072","type":"Sendereihe"}},{"node":{"title":"Portugal em directo","body":"Sendezeit: Portugal em directo, jeden Samstag, 15-16 Uhr\nSeit November 2009 gibt es im Anschluss an 'Boa Tarde Portugal' diese Sendung auf Portugiesisch:","series_nid":"419","series_start":"2021-10-16T15:00:00+02:00","series_end":"2021-10-16T16:00:00+02:00","nid":"17199","type":"Sendereihe"}},{"node":{"title":"Raices Nomades (spanisch)","body":"Homepage der Redaktion: www.raicesnomades.org\nSendezeit: Samstags 16-17 UhrWiederholung: Donnerstags 15-16 Uhr","series_nid":"418","series_start":"2021-10-16T16:00:00+02:00","series_end":"2021-10-16T17:00:00+02:00","nid":"17206","type":"Sendereihe"}},{"node":{"title":"Radio Fr Greece","body":"Radio Fr Greece l\u00e4uft jeden Samstag im Monat um 17 Uhr auf Griechisch.","series_nid":"348","series_start":"2021-10-16T17:00:00+02:00","series_end":"2021-10-16T18:00:00+02:00","nid":"24437","type":"Sendereihe"}},{"node":{"title":"Magazin Romanesc 100%","body":"\u00a0\u00a0\u00a0\u00a0Sendezeit: Jeden Samstag von 18-19 Uhr","series_nid":"419","series_start":"2021-10-16T18:00:00+02:00","series_end":"2021-10-16T19:00:00+02:00","nid":"17205","type":"Sendereihe"}},{"node":{"title":"Aria Fritta (italiana)","body":"Tutti i sabati dalle 19.00 alle 20.00.\nprogramma in lingua italiana","series_nid":"418","series_start":"2021-10-16T19:00:00+02:00","series_end":"2021-10-16T20:00:00+02:00","nid":"17194","type":"Sendereihe"}},{"node":{"title":"Meet The Beat","body":"Pop-Arch\u00e4ologische Exkursionen durch 75 Jahre Rock-Geschichte.\nSendezeit: jeden Samstag von 20 - 21 Uhr\nDJ: Michael Jung","series_nid":"423","series_start":"2021-10-16T20:00:00+02:00","series_end":"2021-10-16T21:00:00+02:00","nid":"768","type":"Sendereihe"}},{"node":{"title":"Sprung aus den Wolken","body":"Sendezeit: Alle zwei Wochen am Samstag von 21 bis 22 Uhr\nDJs: Andi und Timo","series_nid":"209","series_start":"2021-10-16T21:00:00+02:00","series_end":"2021-10-16T22:00:00+02:00","nid":"17162","type":"Sendereihe"}},{"node":{"title":"overtime bassradio","body":"bassmusic. neubaugebeat spielt die neuesten drum'n'bass releases, informiert \u00fcber veranstaltungen und l\u00e4dt artists f\u00fcr guestmixes ein.","series_nid":"8","series_start":"2021-10-16T22:00:00+02:00","series_end":"2021-10-17T02:00:00+02:00","nid":"46823","type":"Sendereihe"}},{"node":{"title":"Jazz News, Samstag, 16.10.2021, 10 Uhr","body":"Reiselust und Alpengl\u00fchen......,","series_nid":"","series_start":"","series_end":"","nid":"59063","type":"Beitrag"}},{"node":{"title":"Portugal em directo 16.10.2021","body":"","series_nid":"","series_start":"","series_end":"","nid":"59096","type":"Beitrag"}},{"node":{"title":"Raices Nomades (spanisch) 16.10.2021","body":"","series_nid":"","series_start":"","series_end":"","nid":"59097","type":"Beitrag"}},{"node":{"title":"Aria Fritta (italiana) 16.10.2021","body":"","series_nid":"","series_start":"","series_end":"","nid":"59098","type":"Beitrag"}},{"node":{"title":"Meet The Beat am Samstag, 16. Oktober 2021, 20 Uhr","body":"Der Motown Sound\u00a0macht vorgezogene Herbstferien\u00a0- am heutigen letzten Urlaubs-Samstag geht es ohne lange Umwege zur\u00fcck in den bewegten\u00a0Oktober 1968","series_nid":"","series_start":"","series_end":"","nid":"58849","type":"Beitrag"}},{"node":{"title":"Sprung aus den Wolken 16.10.2021","body":"","series_nid":"","series_start":"","series_end":"","nid":"59099","type":"Beitrag"}},{"node":{"title":"overtime w/ RiffRaff & JpassJ","body":"Wir freuen uns sehr in der Oktoberausgabe den zugezogenen Bremer Drum&Bass DJ RiffRaff bei uns im Studio begr\u00fc\u00dfen zu d\u00fcrfen. Er wird euch mit einem 2 Stunden Special Vinyl Set verw\u00f6hnen.","series_nid":"","series_start":"","series_end":"","nid":"59022","type":"Beitrag"}}]}

Sendezeit: Jeden ersten, zweiten, dritten und fünften Samstag im Monat zwischen 13 Uhr-14 Uhr

Sendezeit: Jeden Samstag von 14 bis 15 Uhr
Die Radiosendung Boa Tarde Portugal ist eine Sendung in portugiesischer Sprache, für die portugiesische Bevölkerung der Region Südbaden. Diese Sendung gibt es schon seit dem 15. Dezember 1990, immer samstags von 14.00 bis 15.00 Uhr. Überwiegend besteht die Sendung aus traditioneller und vergessener Musik, es werden auch Lokalinformationen und Informationen aus Portugal weitergegeben.

Radio Fr Greece läuft jeden Samstag im Monat um 17 Uhr auf Griechisch.

Pop-Archäologische Exkursionen durch 75 Jahre Rock-Geschichte.
Sendezeit: jeden Samstag von 20 - 21 Uhr
DJ: Michael Jung

bassmusic. neubaugebeat spielt die neuesten drum'n'bass releases, informiert über veranstaltungen und lädt artists für guestmixes ein.

Reiselust und Alpenglühen......,

Der Motown Sound macht vorgezogene Herbstferien - am heutigen letzten Urlaubs-Samstag geht es ohne lange Umwege zurück in den bewegten Oktober 1968

Wir freuen uns sehr in der Oktoberausgabe den zugezogenen Bremer Drum&Bass DJ RiffRaff bei uns im Studio begrüßen zu dürfen. Er wird euch mit einem 2 Stunden Special Vinyl Set verwöhnen.
