{"nodes":[{"node":{"title":"Democracy Now (US-Magazin)","body":"Aktueller Hinweis (17.10.2023) von der RDL Betriebsgruppe","series_nid":"2,109","series_start":"2021-11-10T07:00:00+01:00","series_end":"2021-11-10T08:00:00+01:00","nid":"17238","type":"Sendereihe"}},{"node":{"title":"Morgenradio","body":"Das Morgenradio unterh\u00e4lt und informiert \u00fcber politische, gesellschaftliche kulturelle Themen aus Freiburg und dem Umland, aus Europa und weltweit. Jeden Morgen, Montag bis Freitag von 8-10.","series_nid":"652","series_start":"2021-11-10T08:00:00+01:00","series_end":"2021-11-10T10:00:00+01:00","nid":"44809","type":"Sendereihe"}},{"node":{"title":"Focus Kultur (Wdh.)","body":"","series_nid":"377","series_start":"2021-11-10T10:00:00+01:00","series_end":"2021-11-10T11:00:00+01:00","nid":"21863","type":"Sendereihen-Wiederholung"}},{"node":{"title":"Cuba-Gruppe (Wdh.)","body":"","series_nid":"95","series_start":"2021-11-10T11:00:00+01:00","series_end":"2021-11-10T12:00:00+01:00","nid":"17751","type":"Sendereihen-Wiederholung"}},{"node":{"title":"punkt12","body":"Mittagsmagazin mit Veranstaltungshinweisen f\u00fcr das Dreyeckland. Sendezeit: Montag bis Freitag von 12 bis 13 Uhr Fokussiert auf unser Sendegebiet h\u00f6rt ihr mittags zwischen 12:00 und 13:00 Uhr aktuelle Interviews und Portraits, Beitr\u00e4ge, Nachrichten und Rezensionen sowie Veranstaltungs- und Programmhinweise aus und f\u00fcr die subkulturellen Szenen des Dreyecklandes.","series_nid":"2,010","series_start":"2021-11-10T12:00:00+01:00","series_end":"2021-11-10T13:00:00+01:00","nid":"588","type":"Sendereihe"}},{"node":{"title":"La Radio (Wdh.)","body":"","series_nid":"418","series_start":"2021-11-10T13:00:00+01:00","series_end":"2021-11-10T15:00:00+01:00","nid":"17170","type":"Sendereihen-Wiederholung"}},{"node":{"title":"Interkontinentale Musik","body":"Sendezeit: Jeden Mittwoch um 15 Uhr\nSchwerpunkt: Musik aus Asien","series_nid":"420","series_start":"2021-11-10T15:00:00+01:00","series_end":"2021-11-10T16:00:00+01:00","nid":"17164","type":"Sendereihe"}},{"node":{"title":"Our voice \u2013 Die Stimme der Unsichtbaren","body":"\nDeutsch\n\nSendezeit: Jeden Mittwoch um 16 Uhr und nun auch am Donnerstag in der Wiederholung ab 14 Uhr","series_nid":"222","series_start":"2021-11-10T16:00:00+01:00","series_end":"2021-11-10T17:00:00+01:00","nid":"36152","type":"Sendereihe"}},{"node":{"title":"Musikmagazin","body":"Montag bis Freitag immer um 17 Uhr aktuelles Konzertgeschehen, Interviews und Neuheiten. Dazu genre-\u00fcbergreifend Musik.","series_nid":"2,132","series_start":"2021-11-10T17:00:00+01:00","series_end":"2021-11-10T18:00:00+01:00","nid":"766","type":"Sendereihe"}},{"node":{"title":"Infomagazin","body":"Eine Auswahl aktueller Beitr\u00e4ge zu politischen und gesellschaftlichen Themen aus Freiburg und der Welt. Montags, mittwochs und freitags um 18 Uhr.","series_nid":"1,038","series_start":"2021-11-10T18:00:00+01:00","series_end":"2021-11-10T19:00:00+01:00","nid":"21867","type":"Sendereihe"}},{"node":{"title":"Arbeitsweltradio","body":"Jeden 2. und 4. und gegebenenfalls 5. Mittwoch zwischen 19 und 20 Uhr\nWiederholung dann am Donnerstag von 11-12 Uhr","series_nid":"229","series_start":"2021-11-10T19:00:00+01:00","series_end":"2021-11-10T20:00:00+01:00","nid":"775","type":"Sendereihe"}},{"node":{"title":"Feature (Mi)","body":"Am zweiten und ggf.","series_nid":"65","series_start":"2021-11-10T20:00:00+01:00","series_end":"2021-11-10T21:00:00+01:00","nid":"48657","type":"Sendereihe"}},{"node":{"title":"Incubus Succubus (extended)","body":"Jeden Mittwoch um 22 Uhr\nNeu ab November 2015: Alle 2 Wochen eine halbe Stunde l\u00e4nger bis 23:30 Uhr!","series_nid":"157","series_start":"2021-11-10T22:00:00+01:00","series_end":"2021-11-10T23:30:00+01:00","nid":"27711","type":"Sendereihe"}},{"node":{"title":"Die Anti-DoppelStaatsb\u00fcrgerkampagne 99 -Die Front aus CDU/CSU mit NPD,DVU und Republikanern gegen Migranten und Fl\u00fcchtlinge","body":"Helmut Kohl konnte die Wahlen 1994 gegen die SPD nur deshalb gewinnen, weil er in 1991 bis1993 die auf den Anschlu\u00df der DDR folgenden rechten rassistischen Pogrome nutzte, um das Asylrecht ","series_nid":"","series_start":"","series_end":"","nid":"59412","type":"Beitrag"}},{"node":{"title":"Protest gegen RWE: H\u00e4user besetzt, Schienen blockiert","body":"W\u00e4hrend weiterhin eine akute Bedrohung des Protestcamps besteht, geht die Protestbewegung um L\u00fctzerath weiter in die Offensive.","series_nid":"","series_start":"","series_end":"","nid":"59417","type":"Beitrag"}},{"node":{"title":"Focus Europa Nachrichten vom Mittwoch, dem 10. November","body":"Mehr Infektionen als je zuvor, Drosten warnt vor 100 000 weiteren Todesf\u00e4llen\nEinigen Fl\u00fcchtlingen gelingt Durchbruch noch Polen","series_nid":"","series_start":"","series_end":"","nid":"59410","type":"Beitrag"}},{"node":{"title":"Bundeswehr postete seltsamen martialischen Tweet zum 9. November","body":"Am wahrlich geschichtstr\u00e4chtigen 9.","series_nid":"","series_start":"","series_end":"","nid":"59411","type":"Beitrag"}},{"node":{"title":"Deutscher Verkehrsminister str\u00e4ubt sich bei Absage an Verbrennungsmotoren ","body":"Auf der Klimakonferenz in Glasgow haben sich offenbar 24 Staaten und 6 gro\u00dfe Automobilhersteller darauf geeinigt, ein Enddatum f\u00fcr Verbrennungsmotoren festzulegen.","series_nid":"","series_start":"","series_end":"","nid":"59413","type":"Beitrag"}},{"node":{"title":"\u00d6sterreich: Erneut Waffenlager in der Neo-Nazi-Szene entdeckt","body":"In der Stadt Baden, in der N\u00e4he von Wien, hat die Polizei im rechten Milieu ein umfangreiches Waffenlager gefunden.","series_nid":"","series_start":"","series_end":"","nid":"59414","type":"Beitrag"}},{"node":{"title":"Einigen Fl\u00fcchtlingen gelingt Durchbruch nach Polen","body":"Nach einer Meldung des Radiosenders Bialystok ist es zwei Gruppen von Fl\u00fcchtlingen gelungen, die neuen Grenzabsperrungen zwischen Polen und Wei\u00dfrussland zu durchbrechen.","series_nid":"","series_start":"","series_end":"","nid":"59415","type":"Beitrag"}},{"node":{"title":"Mehr Infektionen als je zuvor, Drosten warnt vor 100 000 weiteren Todesf\u00e4llen","body":"Mit fast 40 000 F\u00e4llen wurde dem Robert-Koch-Institut gestern die h\u00f6chste Zahl von Infektionen seit Beginn der Pandemie gemeldet.","series_nid":"","series_start":"","series_end":"","nid":"59416","type":"Beitrag"}},{"node":{"title":"Fragen an Stadt und SCF","body":"Freiburg verf\u00fcgt in Baden-W\u00fcrttemberg \u00fcber eine recht hohe Impfquote von um die 72 %. Aber die Inzidenzen und die Hospitalisierungen schiessen erneut durch die Decke!","series_nid":"","series_start":"","series_end":"","nid":"59418","type":"Beitrag"}},{"node":{"title":"Cuba-Gruppe 10.11.2021","body":"","series_nid":"","series_start":"","series_end":"","nid":"59420","type":"Beitrag"}},{"node":{"title":"Bahnzerschlagung eine alte neue schlechte Idee durch die Ampel","body":"\u00a0","series_nid":"","series_start":"","series_end":"","nid":"59421","type":"Beitrag"}},{"node":{"title":"Focus Europa Nachrichten vom Mittwoch, dem 10. November","body":"Mehr Infektionen als je zuvor, Drosten warnt vor 100 000 weiteren Todesf\u00e4llen\nEinigen Fl\u00fcchtlingen gelingt Durchbruch noch Polen","series_nid":"","series_start":"","series_end":"","nid":"59410","type":"Beitrag"}},{"node":{"title":"Freie B\u00fcrger im November","body":"\u00a0","series_nid":"","series_start":"","series_end":"","nid":"59429","type":"Beitrag"}},{"node":{"title":"35. Freiburger Literaturgespr\u00e4ch","body":"Zu Gast sind Martin Bruch und Hanna Hovtvian vom Literaturhaus, die von den H\u00fcrden und kreativen L\u00f6sungen des letzten Jahres berichten, das Programm des diesj\u00e4hrigen Literaturgespr\u00e4chs vorstellen u","series_nid":"","series_start":"","series_end":"","nid":"59382","type":"Beitrag"}},{"node":{"title":"Our Voice spezial \u201eFrauen im Gespr\u00e4ch\u201c","body":"In der Sondersendung von Our Voice \u2013 der Gefl\u00fcchteten-Redaktion von Radio Dreyeckland \u2013 wird das Thema Frau-Sein im Fokus stehen.","series_nid":"","series_start":"","series_end":"","nid":"59408","type":"Beitrag"}},{"node":{"title":"Musikmagazin 10.11.2021","body":"","series_nid":"","series_start":"","series_end":"","nid":"59423","type":"Beitrag"}},{"node":{"title":"Infomagazin 10.11.2021","body":"","series_nid":"","series_start":"","series_end":"","nid":"59424","type":"Beitrag"}},{"node":{"title":"Mit der Macht der Daten gegen die Anonymit\u00e4t auf dem Immobilienmarkt","body":"Welche Rolle spielt organisierte Geldw\u00e4sche auf dem deutschen Immobilienmarkt - und inwiefern sind Schlupfl\u00f6cher in\u00a0 Steuer- und Kontrollsystemen mitverantwortlich f\u00fcr den Mietenwahnsinn in vielen ","series_nid":"","series_start":"","series_end":"","nid":"59331","type":"Beitrag"}},{"node":{"title":"Ungleicher Zugang zu den Verhandlungen","body":"Wie funktioniert eigentlich so eine Mammut-Konferenz wie aktuell die COP26 in Glasgow? Anna F\u00fcnfgeld ist Politikwissenschaftlerin und forscht zur Energiepolitik in Indonesien und Brasilien.","series_nid":"","series_start":"","series_end":"","nid":"59406","type":"Beitrag"}},{"node":{"title":"Gedenken an die Pogromnacht von 1938","body":"Auf dem Platz der alten Synagoge versammelten sich heute, am 9.","series_nid":"","series_start":"","series_end":"","nid":"59407","type":"Beitrag"}},{"node":{"title":"Europapark zieht ins Feuchtgebiet","body":"Der Europapark will im S\u00fcden der Eurometropole Stra\u00dfburg bei Plobsheim eine neue Produktionsst\u00e4tte f\u00fcr moderne Medien.","series_nid":"","series_start":"","series_end":"","nid":"59405","type":"Beitrag"}},{"node":{"title":"Fragen an Stadt und SCF","body":"Freiburg verf\u00fcgt in Baden-W\u00fcrttemberg \u00fcber eine recht hohe Impfquote von um die 72 %. Aber die Inzidenzen und die Hospitalisierungen schiessen erneut durch die Decke!","series_nid":"","series_start":"","series_end":"","nid":"59418","type":"Beitrag"}},{"node":{"title":"Arbeitsweltradio 10.11.2021","body":"","series_nid":"","series_start":"","series_end":"","nid":"59425","type":"Beitrag"}},{"node":{"title":"zu Gast: DAS BLANKE EXTREM","body":"Einen guten miteinander!","series_nid":"","series_start":"","series_end":"","nid":"59398","type":"Beitrag"}},{"node":{"title":"Incubus Succubus | Playlist | 10. November 2021 | 22 - 23:00 Uhr","body":"\u00a0Nach f\u00fcnfeinhalb Jahren trauriger Abstinenz pr\u00e4sentiert das Postpunk/Darkwave Urgestein Pink Turns Blue sein neues Album Tainted.","series_nid":"","series_start":"","series_end":"","nid":"59409","type":"Beitrag"}}]}

Das Morgenradio unterhält und informiert über politische, gesellschaftliche kulturelle Themen aus Freiburg und dem Umland, aus Europa und weltweit. Jeden Morgen, Montag bis Freitag von 8-10.

Mittagsmagazin mit Veranstaltungshinweisen für das Dreyeckland. Sendezeit: Montag bis Freitag von 12 bis 13 Uhr Fokussiert auf unser Sendegebiet hört ihr mittags zwischen 12:00 und 13:00 Uhr aktuelle Interviews und Portraits, Beiträge, Nachrichten und Rezensionen sowie Veranstaltungs- und Programmhinweise aus und für die subkulturellen Szenen des Dreyecklandes.

Montag bis Freitag immer um 17 Uhr aktuelles Konzertgeschehen, Interviews und Neuheiten. Dazu genre-übergreifend Musik.

Eine Auswahl aktueller Beiträge zu politischen und gesellschaftlichen Themen aus Freiburg und der Welt. Montags, mittwochs und freitags um 18 Uhr.

Jeden Mittwoch um 22 Uhr
Neu ab November 2015: Alle 2 Wochen eine halbe Stunde länger bis 23:30 Uhr!

Die Anti-DoppelStaatsbürgerkampagne 99 -Die Front aus CDU/CSU mit NPD,DVU und Republikanern gegen Migranten und Flüchtlinge

Helmut Kohl konnte die Wahlen 1994 gegen die SPD nur deshalb gewinnen, weil er in 1991 bis1993 die auf den Anschluß der DDR folgenden rechten rassistischen Pogrome nutzte, um das Asylrecht

Protest gegen RWE: Häuser besetzt, Schienen blockiert

Während weiterhin eine akute Bedrohung des Protestcamps besteht, geht die Protestbewegung um Lützerath weiter in die Offensive.

Mehr Infektionen als je zuvor, Drosten warnt vor 100 000 weiteren Todesfällen
Einigen Flüchtlingen gelingt Durchbruch noch Polen

Am wahrlich geschichtsträchtigen 9.

Deutscher Verkehrsminister sträubt sich bei Absage an Verbrennungsmotoren

Auf der Klimakonferenz in Glasgow haben sich offenbar 24 Staaten und 6 große Automobilhersteller darauf geeinigt, ein Enddatum für Verbrennungsmotoren festzulegen.

Österreich: Erneut Waffenlager in der Neo-Nazi-Szene entdeckt

In der Stadt Baden, in der Nähe von Wien, hat die Polizei im rechten Milieu ein umfangreiches Waffenlager gefunden.

Einigen Flüchtlingen gelingt Durchbruch nach Polen

Nach einer Meldung des Radiosenders Bialystok ist es zwei Gruppen von Flüchtlingen gelungen, die neuen Grenzabsperrungen zwischen Polen und Weißrussland zu durchbrechen.

Mehr Infektionen als je zuvor, Drosten warnt vor 100 000 weiteren Todesfällen

Mit fast 40 000 Fällen wurde dem Robert-Koch-Institut gestern die höchste Zahl von Infektionen seit Beginn der Pandemie gemeldet.

Freiburg verfügt in Baden-Württemberg über eine recht hohe Impfquote von um die 72 %. Aber die Inzidenzen und die Hospitalisierungen schiessen erneut durch die Decke!

Freie Bürger im November

35. Freiburger Literaturgespräch

Zu Gast sind Martin Bruch und Hanna Hovtvian vom Literaturhaus, die von den Hürden und kreativen Lösungen des letzten Jahres berichten, das Programm des diesjährigen Literaturgesprächs vorstellen u

Our Voice spezial „Frauen im Gespräch“

In der Sondersendung von Our Voice – der Geflüchteten-Redaktion von Radio Dreyeckland – wird das Thema Frau-Sein im Fokus stehen.

Mit der Macht der Daten gegen die Anonymität auf dem Immobilienmarkt

Welche Rolle spielt organisierte Geldwäsche auf dem deutschen Immobilienmarkt - und inwiefern sind Schlupflöcher in  Steuer- und Kontrollsystemen mitverantwortlich für den Mietenwahnsinn in vielen

Wie funktioniert eigentlich so eine Mammut-Konferenz wie aktuell die COP26 in Glasgow? Anna Fünfgeld ist Politikwissenschaftlerin und forscht zur Energiepolitik in Indonesien und Brasilien.

Der Europapark will im Süden der Eurometropole Straßburg bei Plobsheim eine neue Produktionsstätte für moderne Medien.

Nach fünfeinhalb Jahren trauriger Abstinenz präsentiert das Postpunk/Darkwave Urgestein Pink Turns Blue sein neues Album Tainted.
