{"nodes":[{"node":{"title":"DADLINE","body":"Die DADLINE gibt es nach \u00fcber 10 Jahren nicht mehr !!!!!!!\n\u00a0\n\u00a0\n","series_nid":"91","series_start":"2021-11-27T22:00:00+01:00","series_end":"2021-11-28T00:00:00+01:00","nid":"23356","type":"Sendereihe"}},{"node":{"title":"Jazz Matinee","body":"Sendezeit: jeden Sonntag von 09 - 11 Uhr\nDJ: Michael van Gee","series_nid":"428","series_start":"2021-11-28T09:00:00+01:00","series_end":"2021-11-28T11:00:00+01:00","nid":"765","type":"Sendereihe"}},{"node":{"title":"Espaco Aberto (brasilianisch)","body":"Espa\u00e7o Aberto \u00e9 o programa brasileiro na r\u00e1dio Dreyeckland.\u00a0No Espa\u00e7o Aberto voc\u00ea escuta not\u00edcias atuais sobre o Brasil, dicas culturais e muita m\u00fasica.","series_nid":"424","series_start":"2021-11-28T11:00:00+01:00","series_end":"2021-11-28T12:00:00+01:00","nid":"17192","type":"Sendereihe"}},{"node":{"title":"Afghan Aleman mit Shamim Mirzei ","body":"Jeden 2. und 4. Sonntag um 13 Uhr","series_nid":"97","series_start":"2021-11-28T13:00:00+01:00","series_end":"2021-11-28T14:00:00+01:00","nid":"34684","type":"Sendereihe"}},{"node":{"title":"African Roots Music","body":"Sendezeit: jeden Sonntag von 14 - 16 UhrDJ: Jon-Jon","series_nid":"424","series_start":"2021-11-28T14:00:00+01:00","series_end":"2021-11-28T16:00:00+01:00","nid":"17166","type":"Sendereihe"}},{"node":{"title":"Freistunde FM - Jugendradio","body":"Sendezeit: Jeden Sonntag von 17-18 Uhr (Wiederholung Montag 13-14 Uhr)\nJung, motiviert und voller toller Ideen.","series_nid":"425","series_start":"2021-11-28T17:00:00+01:00","series_end":"2021-11-28T18:00:00+01:00","nid":"781","type":"Sendereihe"}},{"node":{"title":"Musik Spezial","body":"Jeden Sonntag 18-20 Uhr","series_nid":"424","series_start":"2021-11-28T18:00:00+01:00","series_end":"2021-11-28T20:00:00+01:00","nid":"17156","type":"Sendereihe"}},{"node":{"title":"Permanent Waves ","body":"Sendezeit: Alle 4 Wochen sonntags von 20 - 21 Uhr\nDJ: Michael Jung\n(siehe auch: Meet The Beat)","series_nid":"211","series_start":"2021-11-28T20:00:00+01:00","series_end":"2021-11-28T21:00:00+01:00","nid":"17158","type":"Sendereihe"}},{"node":{"title":"Ausbruch - Die Antirepressionswelle","body":"Nachrichten und Themenbeitr\u00e4ge zu Repression und AktivismusJeden 4. Sonntag auf RDL 102,3 Mhz, Wiederholung am darauf folgenden Montag um 11 Uhr.","series_nid":"42","series_start":"2021-11-28T21:00:00+01:00","series_end":"2021-11-28T22:00:00+01:00","nid":"40864","type":"Sendereihe"}},{"node":{"title":"Metal-Demenz-Aeon","body":"Sendezeit: jeden 1. und 4. Sonntag von 22 \u2013 24 Uhr\nDJ's:Hubert, Ole, Sandor, Ozzi und Sturm","series_nid":"196","series_start":"2021-11-28T22:00:00+01:00","series_end":"2021-11-29T00:00:00+01:00","nid":"1064","type":"Sendereihe"}},{"node":{"title":"Jazz Matinee am Sonntag, den 28.11.2021, 9 Uhr bis 11 Uhr","body":"Jazz Matinee am Sonntag, den 28.11.2021, 9 Uhr bis 11 Uhr\nLiebe Jazzfreundinnen und Jazzfreunde,","series_nid":"","series_start":"","series_end":"","nid":"59633","type":"Beitrag"}},{"node":{"title":"Espaco Aberto (brasilianisch) 28.11.2021","body":"","series_nid":"","series_start":"","series_end":"","nid":"59662","type":"Beitrag"}},{"node":{"title":"Freistunde FM - Jugendradio 29.11.2021","body":"","series_nid":"","series_start":"","series_end":"","nid":"59667","type":"Beitrag"}},{"node":{"title":"Permanent Waves am Sonntag, 28. November 2021, 20 Uhr","body":"Facts und Platten aus dem\u00a0November 1981\u00a0-\u00a0 wie immer mit den interessantesten Platten aus den\u00a0\u00a0UK Independent Charts,\u00a0die seit 1980 die Erfolge\u00a0de","series_nid":"","series_start":"","series_end":"","nid":"59654","type":"Beitrag"}},{"node":{"title":"Ausbruch vom 28.11.2021","body":"Mit folgenden Themen:\n- Beitrag von unserem Redaktionskollegen Thomas Meyer- Falk aus der Sicherungsverwahrung in Freiburg zum Thema Suizid im Gef\u00e4ngnis","series_nid":"","series_start":"","series_end":"","nid":"59663","type":"Beitrag"}},{"node":{"title":"Suizid im Gef\u00e4ngnis","body":"In der Ausbruch Sendung vom 28.11. 2021 haben wir mit Thomas \u00fcber Suizid im Gef\u00e4ngnis gesprochen","series_nid":"","series_start":"","series_end":"","nid":"59664","type":"Beitrag"}}]}

Die DADLINE gibt es nach über 10 Jahren nicht mehr !!!!!!!

Espaço Aberto é o programa brasileiro na rádio Dreyeckland. No Espaço Aberto você escuta notícias atuais sobre o Brasil, dicas culturais e muita música.

Nachrichten und Themenbeiträge zu Repression und AktivismusJeden 4. Sonntag auf RDL 102,3 Mhz, Wiederholung am darauf folgenden Montag um 11 Uhr.

Mit folgenden Themen:
- Beitrag von unserem Redaktionskollegen Thomas Meyer- Falk aus der Sicherungsverwahrung in Freiburg zum Thema Suizid im Gefängnis

Suizid im Gefängnis

In der Ausbruch Sendung vom 28.11. 2021 haben wir mit Thomas über Suizid im Gefängnis gesprochen
