{"nodes":[{"node":{"title":"BRETTERFUNK","body":"Alle 4 Wochen Freitags um 22:30 gibt es Techno von der Bretterbude. Freut Euch auf ein vielseitiges Programm und Beats aus den Subgenres der elektronischen Musik.\u00a0","series_nid":"19","series_start":"2022-10-28T22:30:00+02:00","series_end":"2022-10-29T02:00:00+02:00","nid":"57008","type":"Sendereihe"}},{"node":{"title":"Democracy Now (US-Magazin)","body":"Aktueller Hinweis (17.10.2023) von der RDL Betriebsgruppe","series_nid":"2,362","series_start":"2022-10-29T07:00:00+02:00","series_end":"2022-10-29T08:00:00+02:00","nid":"17238","type":"Sendereihe"}},{"node":{"title":"Jazz News","body":"Sendezeit: jeden Samstag von 10 - 11 Uhr\nDJ: Heinz Dillmann, Hardy Vollmer","series_nid":"473","series_start":"2022-10-29T10:00:00+02:00","series_end":"2022-10-29T11:00:00+02:00","nid":"17150","type":"Sendereihe"}},{"node":{"title":"Back To The Garage","body":"\u00a0Sendezeit: Jeden Samstag von 11-12 Uhr","series_nid":"475","series_start":"2022-10-29T11:00:00+02:00","series_end":"2022-10-29T12:00:00+02:00","nid":"17143","type":"Sendereihe"}},{"node":{"title":"Programm nach Ansage (Samstag)","body":"Immer am 5. Samstag des Monats um 12 uhr.","series_nid":"27","series_start":"2022-10-29T12:00:00+02:00","series_end":"2022-10-29T13:00:00+02:00","nid":"29964","type":"Sendereihe"}},{"node":{"title":"Ech, Ajda  (auf Russisch)","body":"Sendezeit: Jeden 1., 2. und 5. Samstag des Monats um 13 Uhr-14 Uhr","series_nid":"150","series_start":"2022-10-29T13:00:00+02:00","series_end":"2022-10-29T14:00:00+02:00","nid":"17191","type":"Sendereihe"}},{"node":{"title":"Radio Ech (russisch)","body":"Sendetermin:\u00a0Radio Ech\u00a0Jeden 3. und 4. und 5. Samstag 13-14 Uhr","series_nid":"256","series_start":"2022-10-29T13:00:00+02:00","series_end":"2022-10-29T14:00:00+02:00","nid":"17203","type":"Sendereihe"}},{"node":{"title":"Boa Tarde Portugal","body":"Sendezeit: Jeden Samstag von 14 bis 15 Uhr\nDie Radiosendung Boa Tarde Portugal ist eine Sendung in portugiesischer Sprache, f\u00fcr die portugiesische Bev\u00f6lkerung der Region S\u00fcdbaden. Diese Sendung gibt es schon seit dem 15. Dezember 1990, immer samstags von 14.00 bis 15.00 Uhr. \u00dcberwiegend besteht die Sendung aus traditioneller und vergessener Musik, es werden auch Lokalinformationen und Informationen aus Portugal weitergegeben.","series_nid":"477","series_start":"2022-10-29T14:00:00+02:00","series_end":"2022-10-29T15:00:00+02:00","nid":"1072","type":"Sendereihe"}},{"node":{"title":"Portugal em directo","body":"Sendezeit: Portugal em directo, jeden Samstag, 15-16 Uhr\nSeit November 2009 gibt es im Anschluss an 'Boa Tarde Portugal' diese Sendung auf Portugiesisch:","series_nid":"473","series_start":"2022-10-29T15:00:00+02:00","series_end":"2022-10-29T16:00:00+02:00","nid":"17199","type":"Sendereihe"}},{"node":{"title":"Raices Nomades (spanisch)","body":"Homepage der Redaktion: www.raicesnomades.org\nSendezeit: Samstags 16-17 UhrWiederholung: Donnerstags 15-16 Uhr","series_nid":"472","series_start":"2022-10-29T16:00:00+02:00","series_end":"2022-10-29T17:00:00+02:00","nid":"17206","type":"Sendereihe"}},{"node":{"title":"Radio Fr Greece","body":"Radio Fr Greece l\u00e4uft jeden Samstag im Monat um 17 Uhr auf Griechisch.","series_nid":"402","series_start":"2022-10-29T17:00:00+02:00","series_end":"2022-10-29T18:00:00+02:00","nid":"24437","type":"Sendereihe"}},{"node":{"title":"Magazin Romanesc 100%","body":"\u00a0\u00a0\u00a0\u00a0Sendezeit: Jeden Samstag von 18-19 Uhr","series_nid":"473","series_start":"2022-10-29T18:00:00+02:00","series_end":"2022-10-29T19:00:00+02:00","nid":"17205","type":"Sendereihe"}},{"node":{"title":"Aria Fritta (italiana)","body":"Tutti i sabati dalle 19.00 alle 20.00.\nprogramma in lingua italiana","series_nid":"472","series_start":"2022-10-29T19:00:00+02:00","series_end":"2022-10-29T20:00:00+02:00","nid":"17194","type":"Sendereihe"}},{"node":{"title":"Meet The Beat","body":"Pop-Arch\u00e4ologische Exkursionen durch 75 Jahre Rock-Geschichte.\nSendezeit: jeden Samstag von 20 - 21 Uhr\nDJ: Michael Jung","series_nid":"477","series_start":"2022-10-29T20:00:00+02:00","series_end":"2022-10-29T21:00:00+02:00","nid":"768","type":"Sendereihe"}},{"node":{"title":"Sprung aus den Wolken","body":"Sendezeit: Alle zwei Wochen am Samstag von 21 bis 22 Uhr\nDJs: Andi und Timo","series_nid":"236","series_start":"2022-10-29T21:00:00+02:00","series_end":"2022-10-29T22:00:00+02:00","nid":"17162","type":"Sendereihe"}},{"node":{"title":"DADLINE","body":"Die DADLINE gibt es nach \u00fcber 10 Jahren nicht mehr !!!!!!!\n\u00a0\n\u00a0\n","series_nid":"103","series_start":"2022-10-29T22:00:00+02:00","series_end":"2022-10-30T00:00:00+02:00","nid":"23356","type":"Sendereihe"}},{"node":{"title":"Jazz News, Samstag, 29.10.2022, 10 Uhr","body":"Der italienische Posaunist Alessandro Tedesco......","series_nid":"","series_start":"","series_end":"","nid":"63747","type":"Beitrag"}},{"node":{"title":"Boa Tarde Portugal 29.10.2022","body":"","series_nid":"","series_start":"","series_end":"","nid":"63780","type":"Beitrag"}},{"node":{"title":"Portugal em directo 29.10.2022","body":"","series_nid":"","series_start":"","series_end":"","nid":"63781","type":"Beitrag"}},{"node":{"title":"Raices Nomades (spanisch) 29.10.2022","body":"","series_nid":"","series_start":"","series_end":"","nid":"63782","type":"Beitrag"}},{"node":{"title":"Meet The Beat am Samstag, 29.Oktober 2022, 20 Uhr","body":"Meet The Teen Beat\u00a0- die monatliche kompakte \u00dcbersicht \u00fcber die britische Musikszene vor genau 60 Jahren.","series_nid":"","series_start":"","series_end":"","nid":"63743","type":"Beitrag"}},{"node":{"title":"Sprung aus den Wolken 29.10.2022","body":"","series_nid":"","series_start":"","series_end":"","nid":"63783","type":"Beitrag"}}]}

Sendezeit: Jeden Samstag von 14 bis 15 Uhr
Die Radiosendung Boa Tarde Portugal ist eine Sendung in portugiesischer Sprache, für die portugiesische Bevölkerung der Region Südbaden. Diese Sendung gibt es schon seit dem 15. Dezember 1990, immer samstags von 14.00 bis 15.00 Uhr. Überwiegend besteht die Sendung aus traditioneller und vergessener Musik, es werden auch Lokalinformationen und Informationen aus Portugal weitergegeben.

Radio Fr Greece läuft jeden Samstag im Monat um 17 Uhr auf Griechisch.

Pop-Archäologische Exkursionen durch 75 Jahre Rock-Geschichte.
Sendezeit: jeden Samstag von 20 - 21 Uhr
DJ: Michael Jung

Die DADLINE gibt es nach über 10 Jahren nicht mehr !!!!!!!

Meet The Teen Beat - die monatliche kompakte Übersicht über die britische Musikszene vor genau 60 Jahren.
