{"nodes":[{"node":{"title":"Democracy Now (US-Magazin)","body":"Aktueller Hinweis (17.10.2023) von der RDL Betriebsgruppe","series_nid":"2,646","series_start":"2023-12-02T07:00:00+01:00","series_end":"2023-12-02T08:00:00+01:00","nid":"17238","type":"Sendereihe"}},{"node":{"title":"Jazz News","body":"Sendezeit: jeden Samstag von 10 - 11 Uhr\nDJ: Heinz Dillmann, Hardy Vollmer","series_nid":"529","series_start":"2023-12-02T10:00:00+01:00","series_end":"2023-12-02T11:00:00+01:00","nid":"17150","type":"Sendereihe"}},{"node":{"title":"Back To The Garage","body":"\u00a0Sendezeit: Jeden Samstag von 11-12 Uhr","series_nid":"531","series_start":"2023-12-02T11:00:00+01:00","series_end":"2023-12-02T12:00:00+01:00","nid":"17143","type":"Sendereihe"}},{"node":{"title":"la voix du sud (arab. / franz.)","body":"Sendezeit: Immer der erste Samstag des Monats 12-13 Uhr\nSendung in arabischer und franz\u00f6sischer Sprache.\n\u00a0","series_nid":"122","series_start":"2023-12-02T12:00:00+01:00","series_end":"2023-12-02T13:00:00+01:00","nid":"17197","type":"Sendereihe"}},{"node":{"title":"Ajda (auf Russisch)","body":"Sendezeit: Jeden ersten, zweiten, dritten und f\u00fcnften Samstag im Monat zwischen 13 Uhr-14 Uhr","series_nid":"258","series_start":"2023-12-02T13:00:00+01:00","series_end":"2023-12-02T14:00:00+01:00","nid":"17191","type":"Sendereihe"}},{"node":{"title":"Boa Tarde Portugal","body":"Sendezeit: Jeden Samstag von 14 bis 15 Uhr\nDie Radiosendung Boa Tarde Portugal ist eine Sendung in portugiesischer Sprache, f\u00fcr die portugiesische Bev\u00f6lkerung der Region S\u00fcdbaden. Diese Sendung gibt es schon seit dem 15. Dezember 1990, immer samstags von 14.00 bis 15.00 Uhr. \u00dcberwiegend besteht die Sendung aus traditioneller und vergessener Musik, es werden auch Lokalinformationen und Informationen aus Portugal weitergegeben.","series_nid":"533","series_start":"2023-12-02T14:00:00+01:00","series_end":"2023-12-02T15:00:00+01:00","nid":"1072","type":"Sendereihe"}},{"node":{"title":"Portugal em directo","body":"Sendezeit: Portugal em directo, jeden Samstag, 15-16 Uhr\nSeit November 2009 gibt es im Anschluss an 'Boa Tarde Portugal' diese Sendung auf Portugiesisch:","series_nid":"528","series_start":"2023-12-02T15:00:00+01:00","series_end":"2023-12-02T16:00:00+01:00","nid":"17199","type":"Sendereihe"}},{"node":{"title":"Raices Nomades (spanisch)","body":"Homepage der Redaktion: www.raicesnomades.org\nSendezeit: Samstags 16-17 UhrWiederholung: Donnerstags 15-16 Uhr","series_nid":"528","series_start":"2023-12-02T16:00:00+01:00","series_end":"2023-12-02T17:00:00+01:00","nid":"17206","type":"Sendereihe"}},{"node":{"title":"Radio Fr Greece","body":"Radio Fr Greece l\u00e4uft jeden Samstag im Monat um 17 Uhr auf Griechisch.","series_nid":"458","series_start":"2023-12-02T17:00:00+01:00","series_end":"2023-12-02T18:00:00+01:00","nid":"24437","type":"Sendereihe"}},{"node":{"title":"Magazin Romanesc 100%","body":"\u00a0\u00a0\u00a0\u00a0Sendezeit: Jeden Samstag von 18-19 Uhr","series_nid":"528","series_start":"2023-12-02T18:00:00+01:00","series_end":"2023-12-02T19:00:00+01:00","nid":"17205","type":"Sendereihe"}},{"node":{"title":"Aria Fritta (italiana)","body":"Tutti i sabati dalle 19.00 alle 20.00.\nprogramma in lingua italiana","series_nid":"527","series_start":"2023-12-02T19:00:00+01:00","series_end":"2023-12-02T20:00:00+01:00","nid":"17194","type":"Sendereihe"}},{"node":{"title":"Meet The Beat","body":"Pop-Arch\u00e4ologische Exkursionen durch 75 Jahre Rock-Geschichte.\nSendezeit: jeden Samstag von 20 - 21 Uhr\nDJ: Michael Jung","series_nid":"532","series_start":"2023-12-02T20:00:00+01:00","series_end":"2023-12-02T21:00:00+01:00","nid":"768","type":"Sendereihe"}},{"node":{"title":"Full Moon","body":"Goth Rock, Deathrock, Darkwave, Coldwave, New Wave, Industrial, Synthpop, Post-Punk und Industrial\nSEndezeit: Alle vier Wochen Samstags um 21 Uhr","series_nid":"20","series_start":"2023-12-02T21:00:00+01:00","series_end":"2023-12-02T22:00:00+01:00","nid":"61984","type":"Sendereihe"}},{"node":{"title":"Lautsprecher","body":"Sendezeit: Alle 4 Wochen samstags von 22-0 Uhr\nDJs: Mc Krom und B-kwem","series_nid":"45","series_start":"2023-12-02T22:00:00+01:00","series_end":"2023-12-03T00:00:00+01:00","nid":"1075","type":"Sendereihe"}},{"node":{"title":"Jazz News 02.12.2023","body":"","series_nid":"","series_start":"","series_end":"","nid":"68773","type":"Beitrag"}},{"node":{"title":"Ech, Ajda  (auf Russisch) 02.12.2023","body":"","series_nid":"","series_start":"","series_end":"","nid":"68770","type":"Beitrag"}},{"node":{"title":"Boa Tarde Portugal 02.12.2023","body":"","series_nid":"","series_start":"","series_end":"","nid":"68771","type":"Beitrag"}},{"node":{"title":"Portugal em directo 02.12.2023","body":"","series_nid":"","series_start":"","series_end":"","nid":"68772","type":"Beitrag"}},{"node":{"title":"Raices Nomades (spanisch) 07.12.2023","body":"","series_nid":"","series_start":"","series_end":"","nid":"68826","type":"Beitrag"}},{"node":{"title":"Radio Fr Greece 02.12.2023","body":"","series_nid":"","series_start":"","series_end":"","nid":"68775","type":"Beitrag"}},{"node":{"title":"Magazin Romanesc 100% 02.12.2023","body":"","series_nid":"","series_start":"","series_end":"","nid":"68776","type":"Beitrag"}},{"node":{"title":"Jazz News, Samstag 02.12.2023, 10 Uhr","body":"Jazz in den alpenl\u00e4ndischen L\u00e4nder....","series_nid":"","series_start":"","series_end":"","nid":"68716","type":"Beitrag"}},{"node":{"title":"Meet The Beat am Samstag, 02. Dezember 2023, 20 Uhr","body":"Und gleich noch ein (zumindest halbrundes) Radiojubil\u00e4um:\u00a0am 19.","series_nid":"","series_start":"","series_end":"","nid":"68778","type":"Beitrag"}}]}

Sendezeit: Immer der erste Samstag des Monats 12-13 Uhr
Sendung in arabischer und französischer Sprache.

Sendezeit: Jeden ersten, zweiten, dritten und fünften Samstag im Monat zwischen 13 Uhr-14 Uhr

Sendezeit: Jeden Samstag von 14 bis 15 Uhr
Die Radiosendung Boa Tarde Portugal ist eine Sendung in portugiesischer Sprache, für die portugiesische Bevölkerung der Region Südbaden. Diese Sendung gibt es schon seit dem 15. Dezember 1990, immer samstags von 14.00 bis 15.00 Uhr. Überwiegend besteht die Sendung aus traditioneller und vergessener Musik, es werden auch Lokalinformationen und Informationen aus Portugal weitergegeben.

Radio Fr Greece läuft jeden Samstag im Monat um 17 Uhr auf Griechisch.

Pop-Archäologische Exkursionen durch 75 Jahre Rock-Geschichte.
Sendezeit: jeden Samstag von 20 - 21 Uhr
DJ: Michael Jung

Jazz in den alpenländischen Länder....

Und gleich noch ein (zumindest halbrundes) Radiojubiläum: am 19.
