{"nodes":[{"node":{"title":"needsome","body":"... is a radioshow on radio dreyeckland broadcasting from freiburg/ germany\nvinyl mixes & selections around the corners of disco / house / techno / other music","series_nid":"124","series_start":"2023-12-08T22:00:00+01:00","series_end":"2023-12-09T00:30:00+01:00","nid":"21397","type":"Sendereihe"}},{"node":{"title":"Democracy Now (US-Magazin)","body":"Aktueller Hinweis (17.10.2023) von der RDL Betriebsgruppe","series_nid":"2,651","series_start":"2023-12-09T07:00:00+01:00","series_end":"2023-12-09T08:00:00+01:00","nid":"17238","type":"Sendereihe"}},{"node":{"title":"Jazz News","body":"Sendezeit: jeden Samstag von 10 - 11 Uhr\nDJ: Heinz Dillmann, Hardy Vollmer","series_nid":"530","series_start":"2023-12-09T10:00:00+01:00","series_end":"2023-12-09T11:00:00+01:00","nid":"17150","type":"Sendereihe"}},{"node":{"title":"Back To The Garage","body":"\u00a0Sendezeit: Jeden Samstag von 11-12 Uhr","series_nid":"532","series_start":"2023-12-09T11:00:00+01:00","series_end":"2023-12-09T12:00:00+01:00","nid":"17143","type":"Sendereihe"}},{"node":{"title":"African Magazin","body":"Sendezeit: Immer am zweiten Samstag des Monats um 12 Uhr.","series_nid":"118","series_start":"2023-12-09T12:00:00+01:00","series_end":"2023-12-09T13:00:00+01:00","nid":"19395","type":"Sendereihe"}},{"node":{"title":"Ajda (auf Russisch)","body":"Sendezeit: Jeden ersten, zweiten, dritten und f\u00fcnften Samstag im Monat zwischen 13 Uhr-14 Uhr","series_nid":"259","series_start":"2023-12-09T13:00:00+01:00","series_end":"2023-12-09T14:00:00+01:00","nid":"17191","type":"Sendereihe"}},{"node":{"title":"Boa Tarde Portugal","body":"Sendezeit: Jeden Samstag von 14 bis 15 Uhr\nDie Radiosendung Boa Tarde Portugal ist eine Sendung in portugiesischer Sprache, f\u00fcr die portugiesische Bev\u00f6lkerung der Region S\u00fcdbaden. Diese Sendung gibt es schon seit dem 15. Dezember 1990, immer samstags von 14.00 bis 15.00 Uhr. \u00dcberwiegend besteht die Sendung aus traditioneller und vergessener Musik, es werden auch Lokalinformationen und Informationen aus Portugal weitergegeben.","series_nid":"534","series_start":"2023-12-09T14:00:00+01:00","series_end":"2023-12-09T15:00:00+01:00","nid":"1072","type":"Sendereihe"}},{"node":{"title":"Portugal em directo","body":"Sendezeit: Portugal em directo, jeden Samstag, 15-16 Uhr\nSeit November 2009 gibt es im Anschluss an 'Boa Tarde Portugal' diese Sendung auf Portugiesisch:","series_nid":"529","series_start":"2023-12-09T15:00:00+01:00","series_end":"2023-12-09T16:00:00+01:00","nid":"17199","type":"Sendereihe"}},{"node":{"title":"Raices Nomades (spanisch)","body":"Homepage der Redaktion: www.raicesnomades.org\nSendezeit: Samstags 16-17 UhrWiederholung: Donnerstags 15-16 Uhr","series_nid":"529","series_start":"2023-12-09T16:00:00+01:00","series_end":"2023-12-09T17:00:00+01:00","nid":"17206","type":"Sendereihe"}},{"node":{"title":"Radio Fr Greece","body":"Radio Fr Greece l\u00e4uft jeden Samstag im Monat um 17 Uhr auf Griechisch.","series_nid":"459","series_start":"2023-12-09T17:00:00+01:00","series_end":"2023-12-09T18:00:00+01:00","nid":"24437","type":"Sendereihe"}},{"node":{"title":"Magazin Romanesc 100%","body":"\u00a0\u00a0\u00a0\u00a0Sendezeit: Jeden Samstag von 18-19 Uhr","series_nid":"529","series_start":"2023-12-09T18:00:00+01:00","series_end":"2023-12-09T19:00:00+01:00","nid":"17205","type":"Sendereihe"}},{"node":{"title":"Aria Fritta (italiana)","body":"Tutti i sabati dalle 19.00 alle 20.00.\nprogramma in lingua italiana","series_nid":"528","series_start":"2023-12-09T19:00:00+01:00","series_end":"2023-12-09T20:00:00+01:00","nid":"17194","type":"Sendereihe"}},{"node":{"title":"Meet The Beat","body":"Pop-Arch\u00e4ologische Exkursionen durch 75 Jahre Rock-Geschichte.\nSendezeit: jeden Samstag von 20 - 21 Uhr\nDJ: Michael Jung","series_nid":"533","series_start":"2023-12-09T20:00:00+01:00","series_end":"2023-12-09T21:00:00+01:00","nid":"768","type":"Sendereihe"}},{"node":{"title":"Sprung aus den Wolken","body":"Sendezeit: Alle zwei Wochen am Samstag von 21 bis 22 Uhr\nDJs: Andi und Timo","series_nid":"264","series_start":"2023-12-09T21:00:00+01:00","series_end":"2023-12-09T22:00:00+01:00","nid":"17162","type":"Sendereihe"}},{"node":{"title":"overtime bassradio","body":"bassmusic. neubaugebeat spielt die neuesten drum'n'bass releases, informiert \u00fcber veranstaltungen und l\u00e4dt artists f\u00fcr guestmixes ein.","series_nid":"36","series_start":"2023-12-09T22:00:00+01:00","series_end":"2023-12-10T02:00:00+01:00","nid":"46823","type":"Sendereihe"}},{"node":{"title":"Erweiterung der Fl\u00fcchtlings-Unterkunft in der Merzhauserstr. Grundsatzbeschluss","body":"Egal ob Wohnungslosenhilfe oder Fl\u00fcchtlingsunterbringung. Das System der \u00f6ffentlich-rechtlichen Unterbringung ist am Anschlag.","series_nid":"","series_start":"","series_end":"","nid":"68848","type":"Beitrag"}},{"node":{"title":"Jazz News, Samstag 09.12.2023, 10 Uhr","body":"Wie es war- Wie es ist, Brecht und der Jazz und......","series_nid":"","series_start":"","series_end":"","nid":"68851","type":"Beitrag"}},{"node":{"title":"10 \u043b\u0435\u0442 \u0443\u043a\u0440\u0430\u0438\u043d\u0441\u043a\u043e\u0439 \u0420\u0435\u0432\u043e\u043b\u044e\u0446\u0438\u0438 \u0414\u043e\u0441\u0442\u043e\u0438\u043d\u0441\u0442\u0432\u0430:\u041f\u0435\u0440\u0432\u0430\u044f \u043f\u043e\u0431\u0435\u0434\u0430 \u043d\u0430\u0434 \"\u0440\u0443\u0441\u0441\u043a\u0438\u043c \u043c\u0438\u0440\u043e\u043c\" 10 Jahre ukrainische Revolution der W\u00fcrde : Erster Sieg \u00fcber die \u201erussische Welt\u201c","body":"\u042e\u0431\u0438\u043b\u0435\u0439\u00a0\u0443\u043a\u0440\u0430\u0438\u043d\u0441\u043a\u043e\u0439 \u0420\u0435\u0432\u043e\u043b\u044e\u0446\u0438\u0438 \u0414\u043e\u0441\u0442\u043e\u0438\u043d\u0441\u0442\u0432\u0430, \u043f\u0440\u043e\u0442\u0435\u0441\u0442\u043e\u0432 \u043d\u0430 \u0415\u0432\u0440\u043e\u043c\u0430\u0439\u0434\u0430\u043d\u0435. \u041e \u0432\u043b\u0438\u044f\u043d\u0438\u0438 \u044d\u0442\u0438\u0445 \u0441\u043e\u0431\u044b\u0442\u0438\u0439 \u043d\u0430 \u0441\u0435\u0433\u043e\u0434\u043d\u044f\u0448\u043d\u0435\u0435 \u043e\u0431\u0449\u0435\u0441\u0442\u0432\u043e: \u0432 \u044d\u0444\u0438\u0440\u0435 \"\u0423\u043a\u0440\u0430\u0438\u043d\u0441\u043a\u043e\u0433\u043e \u0420\u0430\u0434\u0438\u043e\"\u00a0 \u0441\u043e\u0446\u0438\u043e\u043b\u043e\u0433 \u041e\u043b\u0435\u043a\u0441\u0430\u043d\u0434\u0440 \u0421\u0442\u0435\u0433\u043d\u0456\u0439 (\u043d\u0430 \u0443\u043a\u0440\u0430\u0438\u043d\u0441\u043a\u043e\u043c \u044f\u0437\u044b\u043a\u0435).","series_nid":"","series_start":"","series_end":"","nid":"68902","type":"Beitrag"}},{"node":{"title":"Portugal em directo 09.12.2023","body":"","series_nid":"","series_start":"","series_end":"","nid":"68849","type":"Beitrag"}},{"node":{"title":"Raices Nomades (spanisch) 09.12.2023","body":"","series_nid":"","series_start":"","series_end":"","nid":"68850","type":"Beitrag"}},{"node":{"title":"Ein \u00d6lstaat muss es sein","body":"Es scheint sich mittlerweile als feste Regel einzub\u00fcrgern, dass Weltklimakonferenzen in einem Land stattzufinden haben, dessen Haupteinnahmequelle fossile Energietr\u00e4ger sind.","series_nid":"","series_start":"","series_end":"","nid":"68854","type":"Beitrag"}},{"node":{"title":"Magazin Romanesc 100% 09.12.2023","body":"","series_nid":"","series_start":"","series_end":"","nid":"68857","type":"Beitrag"}},{"node":{"title":"Aria Fritta (italiana) 09.12.2023","body":"","series_nid":"","series_start":"","series_end":"","nid":"68856","type":"Beitrag"}},{"node":{"title":"Meet The Beat am Samstag, 09. Dezember 2023, 20 Uhr","body":"This Is The Motown Sound\u00a0-\u00a0Folge 170\u00a0 Es war das Jahr von Marvin Gaye: Nach seinen erfolgreichen Studio-Alben \"What's Going\u00a0On\" und \"Let's Get It ","series_nid":"","series_start":"","series_end":"","nid":"68858","type":"Beitrag"}},{"node":{"title":"Sprung aus den Wolken 09.12.2023","body":"","series_nid":"","series_start":"","series_end":"","nid":"68859","type":"Beitrag"}}]}

Sendezeit: Jeden ersten, zweiten, dritten und fünften Samstag im Monat zwischen 13 Uhr-14 Uhr

Sendezeit: Jeden Samstag von 14 bis 15 Uhr
Die Radiosendung Boa Tarde Portugal ist eine Sendung in portugiesischer Sprache, für die portugiesische Bevölkerung der Region Südbaden. Diese Sendung gibt es schon seit dem 15. Dezember 1990, immer samstags von 14.00 bis 15.00 Uhr. Überwiegend besteht die Sendung aus traditioneller und vergessener Musik, es werden auch Lokalinformationen und Informationen aus Portugal weitergegeben.

Radio Fr Greece läuft jeden Samstag im Monat um 17 Uhr auf Griechisch.

Pop-Archäologische Exkursionen durch 75 Jahre Rock-Geschichte.
Sendezeit: jeden Samstag von 20 - 21 Uhr
DJ: Michael Jung

bassmusic. neubaugebeat spielt die neuesten drum'n'bass releases, informiert über veranstaltungen und lädt artists für guestmixes ein.

Erweiterung der Flüchtlings-Unterkunft in der Merzhauserstr. Grundsatzbeschluss

Egal ob Wohnungslosenhilfe oder Flüchtlingsunterbringung. Das System der öffentlich-rechtlichen Unterbringung ist am Anschlag.

10 лет украинской Революции Достоинства:Первая победа над "русским миром" 10 Jahre ukrainische Revolution der Würde : Erster Sieg über die „russische Welt“

Юбилей украинской Революции Достоинства, протестов на Евромайдане. О влиянии этих событий на сегодняшнее общество: в эфире "Украинского Радио"  социолог Олександр Стегній (на украинском языке).

Ein Ölstaat muss es sein

Es scheint sich mittlerweile als feste Regel einzubürgern, dass Weltklimakonferenzen in einem Land stattzufinden haben, dessen Haupteinnahmequelle fossile Energieträger sind.
