{"nodes":[{"node":{"title":"Jazz Matinee","body":"Sendezeit: jeden Sonntag von 09 - 11 Uhr\nDJ: Michael van Gee","series_nid":"667","series_start":"2026-07-05T09:00:00+02:00","series_end":"2026-07-05T11:00:00+02:00","nid":"765","type":"Sendereihe"}},{"node":{"title":"Espaco Aberto (brasilianisch)","body":"Espa\u00e7o Aberto \u00e9 o programa brasileiro na r\u00e1dio Dreyeckland.\u00a0No Espa\u00e7o Aberto voc\u00ea escuta not\u00edcias atuais sobre o Brasil, dicas culturais e muita m\u00fasica.","series_nid":"662","series_start":"2026-07-05T11:00:00+02:00","series_end":"2026-07-05T12:00:00+02:00","nid":"17192","type":"Sendereihe"}},{"node":{"title":"Esperanto Magazin' (Sonntag)","body":"Die Sonntagsausgabe des Esperanto Magazin'\nSendezeit: Sonntags 1./3./5. im Monat 13-14 Uhr","series_nid":"283","series_start":"2026-07-05T13:00:00+02:00","series_end":"2026-07-05T14:00:00+02:00","nid":"30730","type":"Sendereihe"}},{"node":{"title":"African Roots Music","body":"Sendezeit: jeden Sonntag von 14 - 16 UhrDJ: Jon-Jon","series_nid":"663","series_start":"2026-07-05T14:00:00+02:00","series_end":"2026-07-05T16:00:00+02:00","nid":"17166","type":"Sendereihe"}},{"node":{"title":"Freistunde FM - Jugendradio","body":"Sendezeit: Jeden Sonntag von 17-18 Uhr (Wiederholung Montag 13-14 Uhr)\nJung, motiviert und voller toller Ideen.","series_nid":"664","series_start":"2026-07-05T17:00:00+02:00","series_end":"2026-07-05T18:00:00+02:00","nid":"781","type":"Sendereihe"}},{"node":{"title":"Musik Spezial","body":"Jeden Sonntag 18-20 Uhr","series_nid":"663","series_start":"2026-07-05T18:00:00+02:00","series_end":"2026-07-05T20:00:00+02:00","nid":"17156","type":"Sendereihe"}},{"node":{"title":"Permanent Waves ","body":"Sendezeit: Alle 4 Wochen sonntags von 20 - 21 Uhr\nDJ: Michael Jung\n(siehe auch: Meet The Beat)","series_nid":"330","series_start":"2026-07-05T20:00:00+02:00","series_end":"2026-07-05T21:00:00+02:00","nid":"17158","type":"Sendereihe"}},{"node":{"title":"Knastfunk","body":"Ein Magazin aus dem Reich des B\u00f6sen: \u00dcber Justiz, Gef\u00e4ngnisse, Verbrechen und Verbrecher\nJeden 1., 3. und 5. Sonntag im Monat um 21 Uhr (Wiederholung montags um 11 Uhr)","series_nid":"361","series_start":"2026-07-05T21:00:00+02:00","series_end":"2026-07-05T22:00:00+02:00","nid":"1049","type":"Sendereihe"}},{"node":{"title":"Metal-Demenz-Aeon","body":"Sendezeit: jeden 1. und 4. Sonntag von 22 \u2013 24 Uhr\nDJ's:Hubert, Ole, Sandor, Ozzi und Sturm","series_nid":"307","series_start":"2026-07-05T22:00:00+02:00","series_end":"2026-07-06T00:00:00+02:00","nid":"1064","type":"Sendereihe"}}]}

Espaço Aberto é o programa brasileiro na rádio Dreyeckland. No Espaço Aberto você escuta notícias atuais sobre o Brasil, dicas culturais e muita música.

Ein Magazin aus dem Reich des Bösen: Über Justiz, Gefängnisse, Verbrechen und Verbrecher
Jeden 1., 3. und 5. Sonntag im Monat um 21 Uhr (Wiederholung montags um 11 Uhr)
