{"nodes":[{"node":{"title":"Jazz Matinee","body":"Sendezeit: jeden Sonntag von 09 - 11 Uhr\nDJ: Michael van Gee","series_nid":"672","series_start":"2026-08-09T09:00:00+02:00","series_end":"2026-08-09T11:00:00+02:00","nid":"765","type":"Sendereihe"}},{"node":{"title":"Espaco Aberto (brasilianisch)","body":"Espa\u00e7o Aberto \u00e9 o programa brasileiro na r\u00e1dio Dreyeckland.\u00a0No Espa\u00e7o Aberto voc\u00ea escuta not\u00edcias atuais sobre o Brasil, dicas culturais e muita m\u00fasica.","series_nid":"667","series_start":"2026-08-09T11:00:00+02:00","series_end":"2026-08-09T12:00:00+02:00","nid":"17192","type":"Sendereihe"}},{"node":{"title":"African Roots Music","body":"Sendezeit: jeden Sonntag von 14 - 16 UhrDJ: Jon-Jon","series_nid":"668","series_start":"2026-08-09T14:00:00+02:00","series_end":"2026-08-09T16:00:00+02:00","nid":"17166","type":"Sendereihe"}},{"node":{"title":"Freistunde FM - Jugendradio","body":"Sendezeit: Jeden Sonntag von 17-18 Uhr (Wiederholung Montag 13-14 Uhr)\nJung, motiviert und voller toller Ideen.","series_nid":"669","series_start":"2026-08-09T17:00:00+02:00","series_end":"2026-08-09T18:00:00+02:00","nid":"781","type":"Sendereihe"}},{"node":{"title":"Musik Spezial","body":"Jeden Sonntag 18-20 Uhr","series_nid":"668","series_start":"2026-08-09T18:00:00+02:00","series_end":"2026-08-09T20:00:00+02:00","nid":"17156","type":"Sendereihe"}},{"node":{"title":"KlassenJustizInS\u00fcdbaden - KJiS","body":"In der Sendung \u201eKJIS - Klassenjustiz in S\u00fcdbaden\u201c steht die Justiz im Mittelpunkt. Die Soziale Ungleichheit: das typische Charakteristikum vor den Gerichten.","series_nid":"17","series_start":"2026-08-09T21:00:00+02:00","series_end":"2026-08-09T22:00:00+02:00","nid":"75967","type":"Sendereihe"}},{"node":{"title":"Rabenton","body":"Am 2. Sonntag des Monats von 22-24 Uhr\nModerator: Ozzi, Greyff & Rapkalibur","series_nid":"154","series_start":"2026-08-09T22:00:00+02:00","series_end":"2026-08-10T00:00:00+02:00","nid":"17159","type":"Sendereihe"}},{"node":{"title":"Jazz Matinee am Sonntag, den 09.08.2026, 9 Uhr bis 11 Uhr","body":"Jazz Matinee am Sonntag, den 09.08.2026, 9 Uhr bis 11 Uhr\nLiebe Jazzfreundinnen und Jazzfreunde,","series_nid":"","series_start":"","series_end":"","nid":"81189","type":"Beitrag"}},{"node":{"title":"Espaco Aberto (brasilianisch) 09.08.2026","body":"","series_nid":"","series_start":"","series_end":"","nid":"81188","type":"Beitrag"}},{"node":{"title":"African Roots Music 09.08.2026","body":"","series_nid":"","series_start":"","series_end":"","nid":"81190","type":"Beitrag"}},{"node":{"title":"Freistunde FM - Jugendradio 09.08.2026","body":"","series_nid":"","series_start":"","series_end":"","nid":"81191","type":"Beitrag"}}]}

Espaço Aberto é o programa brasileiro na rádio Dreyeckland. No Espaço Aberto você escuta notícias atuais sobre o Brasil, dicas culturais e muita música.

KlassenJustizInSüdbaden - KJiS

In der Sendung „KJIS - Klassenjustiz in Südbaden“ steht die Justiz im Mittelpunkt. Die Soziale Ungleichheit: das typische Charakteristikum vor den Gerichten.
