{"nodes":[{"node":{"title":"Rabenton","body":"Am 2. Sonntag des Monats von 22-24 Uhr\nModerator: Ozzi, Greyff & Rapkalibur","series_nid":"154","series_start":"2026-08-09T22:00:00+02:00","series_end":"2026-08-10T00:00:00+02:00","nid":"17159","type":"Sendereihe"}},{"node":{"title":"Morgenradio","body":"Das Morgenradio unterh\u00e4lt und informiert \u00fcber politische, gesellschaftliche kulturelle Themen aus Freiburg und dem Umland, aus Europa und weltweit. Jeden Morgen, Montag bis Freitag von 8-10.","series_nid":"1,869","series_start":"2026-08-10T08:00:00+02:00","series_end":"2026-08-10T10:00:00+02:00","nid":"44809","type":"Sendereihe"}},{"node":{"title":"Historisches Tagesinfo","body":"Das Tagesinfo war bei Radio Dreyeckland \u00fcber Jahrzehnte bis in die sp\u00e4ten 90er Jahre regelm\u00e4\u00dfig um 18 Uhr zu h\u00f6ren.","series_nid":"2,440","series_start":"2026-08-10T10:00:00+02:00","series_end":"2026-08-10T11:00:00+02:00","nid":"21096","type":"Sendereihe"}},{"node":{"title":"KlassenJustizInS\u00fcdbaden - KJiS","body":"","series_nid":"17","series_start":"2026-08-10T11:00:00+02:00","series_end":"2026-08-10T12:00:00+02:00","nid":"76018","type":"Sendereihen-Wiederholung"}},{"node":{"title":"punkt12","body":"Mittagsmagazin mit Veranstaltungshinweisen f\u00fcr das Dreyeckland. Sendezeit: Montag bis Freitag von 12 bis 13 Uhr Fokussiert auf unser Sendegebiet h\u00f6rt ihr mittags zwischen 12:00 und 13:00 Uhr aktuelle Interviews und Portraits, Beitr\u00e4ge, Nachrichten und Rezensionen sowie Veranstaltungs- und Programmhinweise aus und f\u00fcr die subkulturellen Szenen des Dreyecklandes.","series_nid":"3,225","series_start":"2026-08-10T12:00:00+02:00","series_end":"2026-08-10T13:00:00+02:00","nid":"588","type":"Sendereihe"}},{"node":{"title":"Freistunde FM - Jugendradio (Wdh.)","body":"","series_nid":"664","series_start":"2026-08-10T13:00:00+02:00","series_end":"2026-08-10T14:00:00+02:00","nid":"17219","type":"Sendereihen-Wiederholung"}},{"node":{"title":"Espaco Aberto (wdh.)","body":"","series_nid":"430","series_start":"2026-08-10T14:00:00+02:00","series_end":"2026-08-10T15:00:00+02:00","nid":"40724","type":"Sendereihen-Wiederholung"}},{"node":{"title":"Esperanto Magazin' (Montag)","body":"Sendezeit:\nMontags 2./4./5. im Monat 16-17 Uhr\nSonnntags 1./3./5. im Monat 13-14 Uhr\nprezentado","series_nid":"356","series_start":"2026-08-10T16:00:00+02:00","series_end":"2026-08-10T17:00:00+02:00","nid":"17765","type":"Sendereihe"}},{"node":{"title":"Musikmagazin","body":"Montag bis Freitag immer um 17 Uhr aktuelles Konzertgeschehen, Interviews und Neuheiten. Dazu genre-\u00fcbergreifend Musik.","series_nid":"3,369","series_start":"2026-08-10T17:00:00+02:00","series_end":"2026-08-10T18:00:00+02:00","nid":"766","type":"Sendereihe"}},{"node":{"title":"Infomagazin","body":"Eine Auswahl aktueller Beitr\u00e4ge zu politischen und gesellschaftlichen Themen aus Freiburg und der Welt. Montags, mittwochs und freitags um 18 Uhr.","series_nid":"1,747","series_start":"2026-08-10T18:00:00+02:00","series_end":"2026-08-10T19:00:00+02:00","nid":"21867","type":"Sendereihe"}},{"node":{"title":" Chaosradio Freiburg","body":"Mitmachen und Feedback,\u00a0live hier oder\u00a0anachronistisch\u00a0im Archiv \u2026","series_nid":"261","series_start":"2026-08-10T19:00:00+02:00","series_end":"2026-08-10T20:00:00+02:00","nid":"35236","type":"Sendereihe"}},{"node":{"title":"Babylon Calling","body":"Sendezeit: jeden Montag von 21 - 22.30 UhrDJs: Wolf, Thomas, Werner und J\u00fcrgen","series_nid":"673","series_start":"2026-08-10T21:00:00+02:00","series_end":"2026-08-10T22:30:00+02:00","nid":"17144","type":"Sendereihe"}},{"node":{"title":"THE DEAN\u2019S LIST","body":"THE DEAN\u2019S LIST (hosted by Dean) is a music show dedicated to playing some of the best music ever produced, including some you may have never heard before.","series_nid":"34","series_start":"2026-08-10T22:30:00+02:00","series_end":"2026-08-11T00:30:00+02:00","nid":"75593","type":"Sendereihe"}},{"node":{"title":"Historisches Tagesinfo 10.08.2026","body":"","series_nid":"","series_start":"","series_end":"","nid":"81194","type":"Beitrag"}},{"node":{"title":"Freistunde FM - Jugendradio 09.08.2026","body":"","series_nid":"","series_start":"","series_end":"","nid":"81191","type":"Beitrag"}},{"node":{"title":"Espaco Aberto (brasilianisch) 09.08.2026","body":"","series_nid":"","series_start":"","series_end":"","nid":"81188","type":"Beitrag"}},{"node":{"title":"Esperanto Magazin' (Montag) 10.08.2026","body":"","series_nid":"","series_start":"","series_end":"","nid":"81201","type":"Beitrag"}},{"node":{"title":"The Funky House - die Radioshow - 10.08.2026 - 17-18Uhr","body":"The Funky House - die Radioshow, eine Stunde aus dem RDL Studio in Freiburg - live gemixed - by DJ Funkmaster Flash.","series_nid":"","series_start":"","series_end":"","nid":"81057","type":"Beitrag"}},{"node":{"title":"Konzert Bericht von Katie Melua","body":"Katie Melua war am 17.7. 2026 auf dem ZMF\n(von Jochen Haas)","series_nid":"","series_start":"","series_end":"","nid":"81202","type":"Beitrag"}},{"node":{"title":"Rechte Netzwerke auch im digitalen Raum , Strategien gegen deren Einflussnahme","body":"Eine Sendung von Radio Lora M\u00fcnchen.\u00a0\nAb September h\u00f6rt Ihr an dieser Stelle wieder das gewohnte Programm.","series_nid":"","series_start":"","series_end":"","nid":"81171","type":"Beitrag"}},{"node":{"title":"Infomagazin 10.08.2026","body":"","series_nid":"","series_start":"","series_end":"","nid":"81203","type":"Beitrag"}},{"node":{"title":"Chaosradio Freiburg 0xC5","body":"Musik","series_nid":"","series_start":"","series_end":"","nid":"81206","type":"Beitrag"}},{"node":{"title":"The Dean's List #34 10/08/26 ZMF Highlights","body":"The ZMF is over for another year and we've got some of the highlights of this year's festival, including The Buena Vista All Stars.","series_nid":"","series_start":"","series_end":"","nid":"81173","type":"Beitrag"}},{"node":{"title":"The Dean's List #34 The ZMF highlights Episode","body":"The ZMF was another fun one this summer, and we've got a few artists to highlight from this year's event. Plus, an album feature and, of course, a little CANCON.","series_nid":"","series_start":"","series_end":"","nid":"81192","type":"Beitrag"}},{"node":{"title":"THE DEAN\u2019S LIST 10.08.2026","body":"","series_nid":"","series_start":"","series_end":"","nid":"81204","type":"Beitrag"}}]}

Das Morgenradio unterhält und informiert über politische, gesellschaftliche kulturelle Themen aus Freiburg und dem Umland, aus Europa und weltweit. Jeden Morgen, Montag bis Freitag von 8-10.

Das Tagesinfo war bei Radio Dreyeckland über Jahrzehnte bis in die späten 90er Jahre regelmäßig um 18 Uhr zu hören.

KlassenJustizInSüdbaden - KJiS

Mittagsmagazin mit Veranstaltungshinweisen für das Dreyeckland. Sendezeit: Montag bis Freitag von 12 bis 13 Uhr Fokussiert auf unser Sendegebiet hört ihr mittags zwischen 12:00 und 13:00 Uhr aktuelle Interviews und Portraits, Beiträge, Nachrichten und Rezensionen sowie Veranstaltungs- und Programmhinweise aus und für die subkulturellen Szenen des Dreyecklandes.

Montag bis Freitag immer um 17 Uhr aktuelles Konzertgeschehen, Interviews und Neuheiten. Dazu genre-übergreifend Musik.

Eine Auswahl aktueller Beiträge zu politischen und gesellschaftlichen Themen aus Freiburg und der Welt. Montags, mittwochs und freitags um 18 Uhr.

Sendezeit: jeden Montag von 21 - 22.30 UhrDJs: Wolf, Thomas, Werner und Jürgen

Eine Sendung von Radio Lora München. 
Ab September hört Ihr an dieser Stelle wieder das gewohnte Programm.
