{"nodes":[{"node":{"title":"Jazz Matinee","body":"Sendezeit: jeden Sonntag von 09 - 11 Uhr\nDJ: Michael van Gee","series_nid":"673","series_start":"2026-08-16T09:00:00+02:00","series_end":"2026-08-16T11:00:00+02:00","nid":"765","type":"Sendereihe"}},{"node":{"title":"Espaco Aberto (brasilianisch)","body":"Espa\u00e7o Aberto \u00e9 o programa brasileiro na r\u00e1dio Dreyeckland.\u00a0No Espa\u00e7o Aberto voc\u00ea escuta not\u00edcias atuais sobre o Brasil, dicas culturais e muita m\u00fasica.","series_nid":"668","series_start":"2026-08-16T11:00:00+02:00","series_end":"2026-08-16T12:00:00+02:00","nid":"17192","type":"Sendereihe"}},{"node":{"title":"Esperanto Magazin' (Sonntag)","body":"Die Sonntagsausgabe des Esperanto Magazin'\nSendezeit: Sonntags 1./3./5. im Monat 13-14 Uhr","series_nid":"286","series_start":"2026-08-16T13:00:00+02:00","series_end":"2026-08-16T14:00:00+02:00","nid":"30730","type":"Sendereihe"}},{"node":{"title":"African Roots Music","body":"Sendezeit: jeden Sonntag von 14 - 16 UhrDJ: Jon-Jon","series_nid":"669","series_start":"2026-08-16T14:00:00+02:00","series_end":"2026-08-16T16:00:00+02:00","nid":"17166","type":"Sendereihe"}},{"node":{"title":"Freistunde FM - Jugendradio","body":"Sendezeit: Jeden Sonntag von 17-18 Uhr (Wiederholung Montag 13-14 Uhr)\nJung, motiviert und voller toller Ideen.","series_nid":"670","series_start":"2026-08-16T17:00:00+02:00","series_end":"2026-08-16T18:00:00+02:00","nid":"781","type":"Sendereihe"}},{"node":{"title":"Musik Spezial","body":"Jeden Sonntag 18-20 Uhr","series_nid":"669","series_start":"2026-08-16T18:00:00+02:00","series_end":"2026-08-16T20:00:00+02:00","nid":"17156","type":"Sendereihe"}},{"node":{"title":"Permanent Waves ","body":"Sendezeit: Alle 4 Wochen sonntags von 20 - 21 Uhr\nDJ: Michael Jung\n(siehe auch: Meet The Beat)","series_nid":"333","series_start":"2026-08-16T20:00:00+02:00","series_end":"2026-08-16T21:00:00+02:00","nid":"17158","type":"Sendereihe"}},{"node":{"title":"Knastfunk","body":"Ein Magazin aus dem Reich des B\u00f6sen: \u00dcber Justiz, Gef\u00e4ngnisse, Verbrechen und Verbrecher\nJeden 1., 3. und 5. Sonntag im Monat um 21 Uhr (Wiederholung montags um 11 Uhr)","series_nid":"364","series_start":"2026-08-16T21:00:00+02:00","series_end":"2026-08-16T22:00:00+02:00","nid":"1049","type":"Sendereihe"}},{"node":{"title":"Radio Impuls","body":"Jeden 3. Sonntag im Monat um 22 Uhr (open end).","series_nid":"44","series_start":"2026-08-16T22:00:00+02:00","series_end":"2026-08-16T23:55:00+02:00","nid":"64678","type":"Sendereihe"}},{"node":{"title":"Jazz Matinee am Sonntag, den 16.08.2026, 9 Uhr bis 11 Uhr","body":"Jazz Matinee am Sonntag, den 16.08.2026, 9 Uhr bis 11 Uhr\nLiebe Jazzfreundinnen und Jazzfreunde,","series_nid":"","series_start":"","series_end":"","nid":"81254","type":"Beitrag"}},{"node":{"title":"Espaco Aberto (brasilianisch) 16.08.2026","body":"","series_nid":"","series_start":"","series_end":"","nid":"81255","type":"Beitrag"}},{"node":{"title":"African Roots Music 16.08.2026","body":"","series_nid":"","series_start":"","series_end":"","nid":"81257","type":"Beitrag"}},{"node":{"title":"Jazz Spezial am Sonntag, den 16.08.2026, 18 Uhr bis 20 Uhr","body":"Jazz Spezial am Sonntag, den 16.08.2026, 18 Uhr bis 20 Uhr\nLiebe Jazzfreundinnen und Jazzfreunde,","series_nid":"","series_start":"","series_end":"","nid":"81219","type":"Beitrag"}},{"node":{"title":"Alois Prinz liest aus seinem Buch . Ulrike Maria Meinhof im Jos Fritz am 22.09.2004","body":"Ein Biografie Versuch vorgetragen vom Author.","series_nid":"","series_start":"","series_end":"","nid":"81251","type":"Beitrag"}},{"node":{"title":"Permanent Waves am Sonntag, 16. August 2026, 20 Uhr","body":"Facts und Platten aus dem\u00a0August 1986\u00a0- heute wieder mit den interessantesten Platten aus den\u00a0UK Independent Charts\u00a0vor genau 40 Jahren.","series_nid":"","series_start":"","series_end":"","nid":"81262","type":"Beitrag"}}]}

Espaço Aberto é o programa brasileiro na rádio Dreyeckland. No Espaço Aberto você escuta notícias atuais sobre o Brasil, dicas culturais e muita música.

Ein Magazin aus dem Reich des Bösen: Über Justiz, Gefängnisse, Verbrechen und Verbrecher
Jeden 1., 3. und 5. Sonntag im Monat um 21 Uhr (Wiederholung montags um 11 Uhr)
