{"nodes":[{"node":{"title":"THE DEAN\u2019S LIST","body":"THE DEAN\u2019S LIST (hosted by Dean) is a music show dedicated to playing some of the best music ever produced, including some you may have never heard before.","series_nid":"43","series_start":"2026-12-14T22:30:00+01:00","series_end":"2026-12-15T00:30:00+01:00","nid":"75593","type":"Sendereihe"}},{"node":{"title":"Democracy Now (US-Magazin)","body":"Aktueller Hinweis (17.10.2023) von der RDL Betriebsgruppe","series_nid":"3,437","series_start":"2026-12-15T07:00:00+01:00","series_end":"2026-12-15T08:00:00+01:00","nid":"17238","type":"Sendereihe"}},{"node":{"title":"Morgenradio","body":"Das Morgenradio unterh\u00e4lt und informiert \u00fcber politische, gesellschaftliche kulturelle Themen aus Freiburg und dem Umland, aus Europa und weltweit. Jeden Morgen, Montag bis Freitag von 8-10.","series_nid":"1,960","series_start":"2026-12-15T08:00:00+01:00","series_end":"2026-12-15T10:00:00+01:00","nid":"44809","type":"Sendereihe"}},{"node":{"title":"Historisches Tagesinfo","body":"Das Tagesinfo war bei Radio Dreyeckland \u00fcber Jahrzehnte bis in die sp\u00e4ten 90er Jahre regelm\u00e4\u00dfig um 18 Uhr zu h\u00f6ren.","series_nid":"2,513","series_start":"2026-12-15T10:00:00+01:00","series_end":"2026-12-15T11:00:00+01:00","nid":"21096","type":"Sendereihe"}},{"node":{"title":"punkt12","body":"Mittagsmagazin mit Veranstaltungshinweisen f\u00fcr das Dreyeckland. Sendezeit: Montag bis Freitag von 12 bis 13 Uhr Fokussiert auf unser Sendegebiet h\u00f6rt ihr mittags zwischen 12:00 und 13:00 Uhr aktuelle Interviews und Portraits, Beitr\u00e4ge, Nachrichten und Rezensionen sowie Veranstaltungs- und Programmhinweise aus und f\u00fcr die subkulturellen Szenen des Dreyecklandes.","series_nid":"3,316","series_start":"2026-12-15T12:00:00+01:00","series_end":"2026-12-15T13:00:00+01:00","nid":"588","type":"Sendereihe"}},{"node":{"title":"17 Grad - Medien f\u00fcr den Rest (Wdh.)","body":"","series_nid":"102","series_start":"2026-12-15T13:00:00+01:00","series_end":"2026-12-15T14:00:00+01:00","nid":"40725","type":"Sendereihen-Wiederholung"}},{"node":{"title":"O-Ton Playback (Wdh.)","body":"","series_nid":"710","series_start":"2026-12-15T14:00:00+01:00","series_end":"2026-12-15T15:00:00+01:00","nid":"17237","type":"Sendereihen-Wiederholung"}},{"node":{"title":"Keine Heimat (Euro Folk)","body":"Sendezeit: jeden Dienstag von 15 - 16 Uhr\nDJ: Christian Rath","series_nid":"688","series_start":"2026-12-15T15:00:00+01:00","series_end":"2026-12-15T16:00:00+01:00","nid":"17151","type":"Sendereihe"}},{"node":{"title":"amnesty.at","body":"Sendezeit: Jeden 3. Dienstag im Monat von 16-17 Uhr\nEine Sendung von Radio Fro (Linz): http://www.fro.at/","series_nid":"159","series_start":"2026-12-15T16:00:00+01:00","series_end":"2026-12-15T17:00:00+01:00","nid":"17250","type":"Sendereihe"}},{"node":{"title":"Musikmagazin","body":"Montag bis Freitag immer um 17 Uhr aktuelles Konzertgeschehen, Interviews und Neuheiten. Dazu genre-\u00fcbergreifend Musik.","series_nid":"3,460","series_start":"2026-12-15T17:00:00+01:00","series_end":"2026-12-15T18:00:00+01:00","nid":"766","type":"Sendereihe"}},{"node":{"title":"Focus Kultur","body":"Focus Kultur ist Eure verl\u00e4ssliche akustische Quelle mit dem lokalen wie internationalen kulturellen Input, hintergr\u00fcndigen Berichten zu Theater, Musik, Kino, Kunst, Literarischem, Kulinarischem un","series_nid":"545","series_start":"2026-12-15T18:00:00+01:00","series_end":"2026-12-15T19:00:00+01:00","nid":"17186","type":"Sendereihe"}},{"node":{"title":"radio%attac","body":"Sendezeit: Jeden 1.,3., 4. und manchmal 5. Dienstag um 19.00 Uhr (Wiederholung am Mittwoch um 11.00 Uhr).\nMagazin von Radio Attac \u00d6sterreich zu Themen des ATTAC-Netzwerkes.\n\u00a0","series_nid":"346","series_start":"2026-12-15T19:00:00+01:00","series_end":"2026-12-15T20:00:00+01:00","nid":"26141","type":"Sendereihe"}},{"node":{"title":"La Radio","body":"LaRadio, fr\u00fcher als FrauenLesbenRadio bekannt, ist das autonome queere und feministische Radio auf der Frequenz von Radio Dreyeckland.","series_nid":"691","series_start":"2026-12-15T20:00:00+01:00","series_end":"2026-12-15T22:00:00+01:00","nid":"776","type":"Sendereihe"}},{"node":{"title":"Magical Mystery Mix","body":"Sendezeit: jeden ersten, dritten (und manchmal f\u00fcnften) Dienstag im Monat von 22 - 23 Uhr. DJ: Kurt Maninouk","series_nid":"369","series_start":"2026-12-15T22:00:00+01:00","series_end":"2026-12-15T23:00:00+01:00","nid":"17758","type":"Sendereihe"}}]}

Das Morgenradio unterhält und informiert über politische, gesellschaftliche kulturelle Themen aus Freiburg und dem Umland, aus Europa und weltweit. Jeden Morgen, Montag bis Freitag von 8-10.

Das Tagesinfo war bei Radio Dreyeckland über Jahrzehnte bis in die späten 90er Jahre regelmäßig um 18 Uhr zu hören.

Mittagsmagazin mit Veranstaltungshinweisen für das Dreyeckland. Sendezeit: Montag bis Freitag von 12 bis 13 Uhr Fokussiert auf unser Sendegebiet hört ihr mittags zwischen 12:00 und 13:00 Uhr aktuelle Interviews und Portraits, Beiträge, Nachrichten und Rezensionen sowie Veranstaltungs- und Programmhinweise aus und für die subkulturellen Szenen des Dreyecklandes.

17 Grad - Medien für den Rest (Wdh.)

Montag bis Freitag immer um 17 Uhr aktuelles Konzertgeschehen, Interviews und Neuheiten. Dazu genre-übergreifend Musik.

Focus Kultur ist Eure verlässliche akustische Quelle mit dem lokalen wie internationalen kulturellen Input, hintergründigen Berichten zu Theater, Musik, Kino, Kunst, Literarischem, Kulinarischem un

Sendezeit: Jeden 1.,3., 4. und manchmal 5. Dienstag um 19.00 Uhr (Wiederholung am Mittwoch um 11.00 Uhr).
Magazin von Radio Attac Österreich zu Themen des ATTAC-Netzwerkes.

LaRadio, früher als FrauenLesbenRadio bekannt, ist das autonome queere und feministische Radio auf der Frequenz von Radio Dreyeckland.

Sendezeit: jeden ersten, dritten (und manchmal fünften) Dienstag im Monat von 22 - 23 Uhr. DJ: Kurt Maninouk
